{"id":7445,"date":"2016-09-09T16:18:47","date_gmt":"2016-09-09T19:18:47","guid":{"rendered":"http:\/\/www.hrrio.cl\/web2\/?page_id=7445"},"modified":"2016-09-12T12:08:51","modified_gmt":"2016-09-12T15:08:51","slug":"satisfaccion-usuaria","status":"publish","type":"page","link":"https:\/\/www.hrrio.cl\/web2\/satisfaccion-usuaria\/","title":{"rendered":"Satisfacci\u00f3n Usuaria"},"content":{"rendered":"<p>[et_pb_section admin_label=\u00bbsection\u00bb fullwidth=\u00bbon\u00bb specialty=\u00bboff\u00bb background_color=\u00bb#2ea3f2&#8243; inner_shadow=\u00bbon\u00bb parallax=\u00bboff\u00bb][et_pb_fullwidth_header admin_label=\u00bbFullwidth Header\u00bb title=\u00bbAcreditaci\u00f3n de Calidad en Salud \u00bb subhead=\u00bbHospital Acreditado\u00bb background_layout=\u00bbdark\u00bb text_orientation=\u00bbleft\u00bb header_fullscreen=\u00bboff\u00bb header_scroll_down=\u00bboff\u00bb parallax=\u00bboff\u00bb parallax_method=\u00bboff\u00bb content_orientation=\u00bbcenter\u00bb image_orientation=\u00bbcenter\u00bb custom_button_one=\u00bboff\u00bb button_one_letter_spacing=\u00bb0&#8243; button_one_use_icon=\u00bbdefault\u00bb button_one_icon_placement=\u00bbright\u00bb button_one_on_hover=\u00bbon\u00bb button_one_letter_spacing_hover=\u00bb0&#8243; custom_button_two=\u00bboff\u00bb button_two_letter_spacing=\u00bb0&#8243; button_two_use_icon=\u00bbdefault\u00bb button_two_icon_placement=\u00bbright\u00bb button_two_on_hover=\u00bbon\u00bb button_two_letter_spacing_hover=\u00bb0&#8243;]<\/p>\n<p>[\/et_pb_fullwidth_header][\/et_pb_section][et_pb_section admin_label=\u00bbsection\u00bb fullwidth=\u00bboff\u00bb specialty=\u00bbon\u00bb][et_pb_column type=\u00bb3_4&#8243; specialty_columns=\u00bb3&#8243;][et_pb_row_inner admin_label=\u00bbrow_inner\u00bb][et_pb_column_inner type=\u00bb1_2&#8243; saved_specialty_column_type=\u00bb3_4&#8243;][et_pb_text admin_label=\u00bbText\u00bb background_layout=\u00bblight\u00bb text_orientation=\u00bbleft\u00bb use_border_color=\u00bboff\u00bb border_color=\u00bb#ffffff\u00bb border_style=\u00bbsolid\u00bb]<\/p>\n<div align=\"justify\">\n<h2><\/h2>\n<p>En virtud del decreto n\u00ba 38 de Hospitales Autogestionados en Red, el Hospital de Ni\u00f1os Roberto Del R\u00edo implementa una encuesta de satisfacci\u00f3n usuaria aplicado a los padres y\/o tutor de pacientes, que fueron atendidos en la Unidad de Emergencia y en el Consultorio Adosado de Especialidades (CAE) de la instituci\u00f3n.<\/p>\n<p>El prop\u00f3sito de esta encuesta es conocer la opini\u00f3n de los usuarios respecto a la atenci\u00f3n recibida, lo que constituye una poderosa herramienta de gesti\u00f3n,\u00a0que nos ayuda a mejorar nuestro servicio y as\u00ed proporcionar una atenci\u00f3n de calidad, segura y digna a nuestros pacientes y familias.<\/p>\n<p>&nbsp;<\/p>\n<\/div>\n<p>[\/et_pb_text][\/et_pb_column_inner][et_pb_column_inner type=\u00bb1_2&#8243; saved_specialty_column_type=\u00bb3_4&#8243;][et_pb_text admin_label=\u00bbText\u00bb background_layout=\u00bblight\u00bb text_orientation=\u00bbleft\u00bb use_border_color=\u00bboff\u00bb border_color=\u00bb#ffffff\u00bb border_style=\u00bbsolid\u00bb]<\/p>\n<p>&nbsp;<\/p>\n<div id=\"attachment_7448\" style=\"width: 2058px\" class=\"wp-caption alignnone\"><a href=\"http:\/\/www.hrrio.cl\/web2\/wp-content\/uploads\/2016\/09\/IMG_3843.jpg\"><img aria-describedby=\"caption-attachment-7448\" loading=\"lazy\" class=\"wp-image-7448 size-full\" src=\"http:\/\/www.hrrio.cl\/web2\/wp-content\/uploads\/2016\/09\/IMG_3843.jpg\" width=\"2048\" height=\"1297\" srcset=\"https:\/\/www.hrrio.cl\/web2\/wp-content\/uploads\/2016\/09\/IMG_3843.jpg 2048w, https:\/\/www.hrrio.cl\/web2\/wp-content\/uploads\/2016\/09\/IMG_3843-300x190.jpg 300w, https:\/\/www.hrrio.cl\/web2\/wp-content\/uploads\/2016\/09\/IMG_3843-768x486.jpg 768w, https:\/\/www.hrrio.cl\/web2\/wp-content\/uploads\/2016\/09\/IMG_3843-1024x649.jpg 1024w, https:\/\/www.hrrio.cl\/web2\/wp-content\/uploads\/2016\/09\/IMG_3843-1080x684.jpg 1080w\" sizes=\"(max-width: 2048px) 100vw, 2048px\" \/><\/a><p id=\"caption-attachment-7448\" class=\"wp-caption-text\">Unidad de Oncolog\u00eda<\/p><\/div>\n<p>[\/et_pb_text][\/et_pb_column_inner][\/et_pb_row_inner][et_pb_row_inner admin_label=\u00bbrow_inner\u00bb][et_pb_column_inner type=\u00bb4_4&#8243; saved_specialty_column_type=\u00bb3_4&#8243;][et_pb_text admin_label=\u00bbText\u00bb background_layout=\u00bblight\u00bb text_orientation=\u00bbleft\u00bb use_border_color=\u00bboff\u00bb border_color=\u00bb#ffffff\u00bb border_style=\u00bbsolid\u00bb]<\/p>\n<h2>Resultados encuesta de Satisfacci\u00f3n Usuaria<\/h2>\n<h3><strong>2016<\/strong><\/h3>\n<p><a href=\"http:\/\/www.hrrio.cl\/web2\/wp-content\/uploads\/2016\/09\/2016-1er-semestre-sat-usuaria.png\"><img loading=\"lazy\" class=\"alignnone wp-image-7466\" src=\"http:\/\/www.hrrio.cl\/web2\/wp-content\/uploads\/2016\/09\/2016-1er-semestre-sat-usuaria.png\" alt=\"2016-1er-semestre-sat-usuaria\" width=\"257\" height=\"210\" srcset=\"https:\/\/www.hrrio.cl\/web2\/wp-content\/uploads\/2016\/09\/2016-1er-semestre-sat-usuaria.png 461w, https:\/\/www.hrrio.cl\/web2\/wp-content\/uploads\/2016\/09\/2016-1er-semestre-sat-usuaria-300x244.png 300w\" sizes=\"(max-width: 257px) 100vw, 257px\" \/><\/a><\/p>\n<p>[\/et_pb_text][\/et_pb_column_inner][\/et_pb_row_inner][\/et_pb_column][et_pb_column type=\u00bb1_4&#8243;][et_pb_sidebar admin_label=\u00bbSidebar\u00bb orientation=\u00bbright\u00bb background_layout=\u00bblight\u00bb]<\/p>\n<p>[\/et_pb_sidebar][\/et_pb_column][\/et_pb_section]<\/p>\n","protected":false},"excerpt":{"rendered":"<p>[et_pb_section admin_label=\u00bbsection\u00bb fullwidth=\u00bbon\u00bb specialty=\u00bboff\u00bb background_color=\u00bb#2ea3f2&#8243; inner_shadow=\u00bbon\u00bb parallax=\u00bboff\u00bb][et_pb_fullwidth_header admin_label=\u00bbFullwidth Header\u00bb title=\u00bbAcreditaci\u00f3n de Calidad en Salud \u00bb subhead=\u00bbHospital Acreditado\u00bb background_layout=\u00bbdark\u00bb text_orientation=\u00bbleft\u00bb header_fullscreen=\u00bboff\u00bb header_scroll_down=\u00bboff\u00bb parallax=\u00bboff\u00bb parallax_method=\u00bboff\u00bb content_orientation=\u00bbcenter\u00bb image_orientation=\u00bbcenter\u00bb custom_button_one=\u00bboff\u00bb button_one_letter_spacing=\u00bb0&#8243; button_one_use_icon=\u00bbdefault\u00bb button_one_icon_placement=\u00bbright\u00bb button_one_on_hover=\u00bbon\u00bb button_one_letter_spacing_hover=\u00bb0&#8243; custom_button_two=\u00bboff\u00bb button_two_letter_spacing=\u00bb0&#8243; button_two_use_icon=\u00bbdefault\u00bb button_two_icon_placement=\u00bbright\u00bb button_two_on_hover=\u00bbon\u00bb button_two_letter_spacing_hover=\u00bb0&#8243;] [\/et_pb_fullwidth_header][\/et_pb_section][et_pb_section admin_label=\u00bbsection\u00bb fullwidth=\u00bboff\u00bb specialty=\u00bbon\u00bb][et_pb_column type=\u00bb3_4&#8243; specialty_columns=\u00bb3&#8243;][et_pb_row_inner admin_label=\u00bbrow_inner\u00bb][et_pb_column_inner type=\u00bb1_2&#8243; saved_specialty_column_type=\u00bb3_4&#8243;][et_pb_text admin_label=\u00bbText\u00bb background_layout=\u00bblight\u00bb text_orientation=\u00bbleft\u00bb use_border_color=\u00bboff\u00bb border_color=\u00bb#ffffff\u00bb border_style=\u00bbsolid\u00bb] En virtud del [&hellip;]<\/p>\n","protected":false},"author":6,"featured_media":0,"parent":0,"menu_order":0,"comment_status":"closed","ping_status":"closed","template":"","meta":{"_et_pb_use_builder":"on","_et_pb_old_content":"","_et_gb_content_width":""},"_links":{"self":[{"href":"https:\/\/www.hrrio.cl\/web2\/wp-json\/wp\/v2\/pages\/7445"}],"collection":[{"href":"https:\/\/www.hrrio.cl\/web2\/wp-json\/wp\/v2\/pages"}],"about":[{"href":"https:\/\/www.hrrio.cl\/web2\/wp-json\/wp\/v2\/types\/page"}],"author":[{"embeddable":true,"href":"https:\/\/www.hrrio.cl\/web2\/wp-json\/wp\/v2\/users\/6"}],"replies":[{"embeddable":true,"href":"https:\/\/www.hrrio.cl\/web2\/wp-json\/wp\/v2\/comments?post=7445"}],"version-history":[{"count":0,"href":"https:\/\/www.hrrio.cl\/web2\/wp-json\/wp\/v2\/pages\/7445\/revisions"}],"wp:attachment":[{"href":"https:\/\/www.hrrio.cl\/web2\/wp-json\/wp\/v2\/media?parent=7445"}],"curies":[{"name":"wp","href":"https:\/\/api.w.org\/{rel}","templated":true}]}}