{"id":463,"date":"2015-07-08T15:38:29","date_gmt":"2015-07-08T15:38:29","guid":{"rendered":"http:\/\/www.hrrio.cl\/web2\/?page_id=463"},"modified":"2026-01-06T15:39:34","modified_gmt":"2026-01-06T18:39:34","slug":"comunicaciones-rrpp-y-oirs","status":"publish","type":"page","link":"https:\/\/www.hrrio.cl\/web2\/asi-nos-organizamos\/direccion\/comunicaciones-rrpp-y-oirs\/","title":{"rendered":"Comunicaciones y Relaciones P\u00fablica"},"content":{"rendered":"<p>[et_pb_section fb_built=\u00bb1&#8243; fullwidth=\u00bbon\u00bb custom_padding_last_edited=\u00bbon|desktop\u00bb admin_label=\u00bbsection\u00bb _builder_version=\u00bb3.22&#8243; background_color=\u00bb#ffffff\u00bb background_image=\u00bbhttp:\/\/www.hrrio.cl\/web2\/wp-content\/uploads\/2015\/07\/fondo-azul.jpg\u00bb parallax=\u00bbon\u00bb parallax_method=\u00bboff\u00bb custom_padding_tablet=\u00bb50px|0|50px|0&#8243; custom_padding_phone=\u00bb\u00bb transparent_background=\u00bboff\u00bb padding_mobile=\u00bboff\u00bb make_fullwidth=\u00bboff\u00bb use_custom_width=\u00bboff\u00bb width_unit=\u00bbon\u00bb][et_pb_fullwidth_header title=\u00bbComunicaciones y Relaciones P\u00fablicas\u00bb content_max_width=\u00bbnone\u00bb admin_label=\u00bbFullwidth Header\u00bb _builder_version=\u00bb4.9.4&#8243; background_color=\u00bbrgba(255, 255, 255, 0)\u00bb button_one_letter_spacing_hover=\u00bb0&#8243; button_two_letter_spacing_hover=\u00bb0&#8243; button_one_text_size__hover_enabled=\u00bboff\u00bb button_two_text_size__hover_enabled=\u00bboff\u00bb button_one_text_color__hover_enabled=\u00bboff\u00bb button_two_text_color__hover_enabled=\u00bboff\u00bb button_one_border_width__hover_enabled=\u00bboff\u00bb button_two_border_width__hover_enabled=\u00bboff\u00bb button_one_border_color__hover_enabled=\u00bboff\u00bb button_two_border_color__hover_enabled=\u00bboff\u00bb button_one_border_radius__hover_enabled=\u00bboff\u00bb button_two_border_radius__hover_enabled=\u00bboff\u00bb button_one_letter_spacing__hover_enabled=\u00bbon\u00bb button_one_letter_spacing__hover=\u00bb0&#8243; button_two_letter_spacing__hover_enabled=\u00bbon\u00bb button_two_letter_spacing__hover=\u00bb0&#8243; button_one_bg_color__hover_enabled=\u00bboff\u00bb button_two_bg_color__hover_enabled=\u00bboff\u00bb][\/et_pb_fullwidth_header][\/et_pb_section][et_pb_section fb_built=\u00bb1&#8243; admin_label=\u00bbsection\u00bb _builder_version=\u00bb3.22&#8243;][et_pb_row column_structure=\u00bb2_3,1_3&#8243; admin_label=\u00bbrow\u00bb _builder_version=\u00bb3.25&#8243; background_size=\u00bbinitial\u00bb background_position=\u00bbtop_left\u00bb background_repeat=\u00bbrepeat\u00bb][et_pb_column type=\u00bb2_3&#8243; _builder_version=\u00bb3.25&#8243; custom_padding=\u00bb|||\u00bb custom_padding__hover=\u00bb|||\u00bb][et_pb_text admin_label=\u00bbTitulo (Objetivo)\u00bb _builder_version=\u00bb3.27.4&#8243; background_image=\u00bbhttp:\/\/www.hrrio.cl\/web2\/wp-content\/uploads\/2015\/07\/fondo-naranjo.jpg\u00bb background_size=\u00bbinitial\u00bb background_position=\u00bbtop_left\u00bb background_repeat=\u00bbrepeat\u00bb background_layout=\u00bbdark\u00bb custom_padding=\u00bb20|20|20|20&#8243; use_border_color=\u00bboff\u00bb border_color=\u00bb#ffffff\u00bb border_style=\u00bbsolid\u00bb]<\/p>\n<h2>OBJETIVOS<\/h2>\n<p>[\/et_pb_text][et_pb_text _builder_version=\u00bb4.9.4&#8243; background_size=\u00bbinitial\u00bb background_position=\u00bbtop_left\u00bb background_repeat=\u00bbrepeat\u00bb custom_padding=\u00bb|||20&#8243; use_border_color=\u00bboff\u00bb border_color=\u00bb#ffffff\u00bb border_style=\u00bbsolid\u00bb]<\/p>\n<p>Asesorar en las comunicaciones internas y externas de la instituci\u00f3n, buscando e implementado constantemente los mejores medios de difusi\u00f3n para nuestro p\u00fablico.<\/p>\n<p>[\/et_pb_text][et_pb_text admin_label=\u00bbTitulo (Funciones)\u00bb _builder_version=\u00bb3.27.4&#8243; background_image=\u00bbhttp:\/\/www.hrrio.cl\/web2\/wp-content\/uploads\/2015\/07\/fondo-naranjo.jpg\u00bb background_size=\u00bbinitial\u00bb background_position=\u00bbtop_left\u00bb background_repeat=\u00bbrepeat\u00bb background_layout=\u00bbdark\u00bb custom_padding=\u00bb20|20|20|20&#8243; use_border_color=\u00bboff\u00bb border_color=\u00bb#ffffff\u00bb border_style=\u00bbsolid\u00bb]<\/p>\n<h2>FUNCIONES<\/h2>\n<p>[\/et_pb_text][et_pb_text _builder_version=\u00bb4.9.4&#8243; background_size=\u00bbinitial\u00bb background_position=\u00bbtop_left\u00bb background_repeat=\u00bbrepeat\u00bb custom_padding=\u00bb|||20&#8243; use_border_color=\u00bboff\u00bb border_color=\u00bb#ffffff\u00bb border_style=\u00bbsolid\u00bb]<\/p>\n<ul>\n<li>B\u00fasqueda y redacci\u00f3n de contenidos del inter\u00e9s del usuario interno y externo, como tr\u00edpticos, bolet\u00edn institucional, noticias, volantes, entre otras.<\/li>\n<li>Desarrollo y producci\u00f3n de eventos, en beneficio de los usuarios, funcionarios y del desarrollo de la imagen corporativa del Hospital.<\/li>\n<li>Coordinaci\u00f3n de actividades con autoridades, y visitas que acuden al establecimiento.<\/li>\n<li>Redacci\u00f3n de los contenidos disponibles en el sitio web; tanto en informaci\u00f3n como en secci\u00f3n de noticias.<\/li>\n<li>Conmemoraci\u00f3n de las efem\u00e9rides correspondientes a los funcionarios de la instituci\u00f3n.<\/li>\n<li>Coordinaci\u00f3n de los diversos voluntariados que participan en el hospital.<\/li>\n<li>Canalizaci\u00f3n de las solicitudes de entrevista de usuarios con las autoridades del establecimiento.<\/li>\n<li>Trabajo directo con los medios de comunicaci\u00f3n, tanto en situaciones de contingencia, como en actividades o situaciones relevantes de difundir a la opini\u00f3n p\u00fablica.<\/li>\n<\/ul>\n<p>[\/et_pb_text][\/et_pb_column][et_pb_column type=\u00bb1_3&#8243; _builder_version=\u00bb3.25&#8243; custom_padding=\u00bb|||\u00bb custom_padding__hover=\u00bb|||\u00bb][et_pb_team_member name=\u00bbSrta. Angela Valenzuela Reyes\u00bb position=\u00bbPeriodista\u00bb admin_label=\u00bbJefe Departamento\u00bb _builder_version=\u00bb4.9.7&#8243; background_image=\u00bbhttp:\/\/www.hrrio.cl\/web2\/wp-content\/uploads\/2015\/07\/cuadrado-celeste.jpg\u00bb background_size=\u00bbinitial\u00bb background_position=\u00bbtop_left\u00bb background_repeat=\u00bbrepeat\u00bb background_layout=\u00bbdark\u00bb custom_padding=\u00bb20|20|20|20&#8243; use_border_color=\u00bboff\u00bb]<\/p>\n<p>Jefa Unidad de Comunicaciones y RRPP<\/p>\n<p>[\/et_pb_team_member][\/et_pb_column][\/et_pb_row][\/et_pb_section][et_pb_section fb_built=\u00bb1&#8243; custom_padding_last_edited=\u00bbon|desktop\u00bb admin_label=\u00bbsection\u00bb _builder_version=\u00bb3.22&#8243; background_image=\u00bbhttp:\/\/www.hrrio.cl\/web2\/wp-content\/uploads\/2015\/07\/cuadrado-celeste.jpg\u00bb custom_padding_tablet=\u00bb50px|0|50px|0&#8243; custom_padding_phone=\u00bb\u00bb transparent_background=\u00bboff\u00bb padding_mobile=\u00bboff\u00bb make_fullwidth=\u00bboff\u00bb use_custom_width=\u00bboff\u00bb width_unit=\u00bbon\u00bb][et_pb_row column_structure=\u00bb1_2,1_2&#8243; admin_label=\u00bbrow\u00bb _builder_version=\u00bb3.25&#8243; background_size=\u00bbinitial\u00bb background_position=\u00bbtop_left\u00bb background_repeat=\u00bbrepeat\u00bb][et_pb_column type=\u00bb1_2&#8243; _builder_version=\u00bb3.25&#8243; custom_padding=\u00bb|||\u00bb custom_padding__hover=\u00bb|||\u00bb][et_pb_blurb title=\u00bbHorarios de atenci\u00f3n\u00bb use_icon=\u00bbon\u00bb font_icon=\u00bb%%92%%\u00bb icon_color=\u00bb#ffffff\u00bb use_circle=\u00bbon\u00bb circle_color=\u00bb#d78c33&#8243; icon_placement=\u00bbleft\u00bb use_icon_font_size=\u00bbon\u00bb icon_font_size=\u00bb30&#8243; admin_label=\u00bbAnuncio (Horarios)\u00bb _builder_version=\u00bb4.9.7&#8243; background_size=\u00bbinitial\u00bb background_position=\u00bbtop_left\u00bb background_repeat=\u00bbrepeat\u00bb text_orientation=\u00bbjustified\u00bb background_layout=\u00bbdark\u00bb use_border_color=\u00bboff\u00bb border_color=\u00bb#ffffff\u00bb border_style=\u00bbsolid\u00bb]<\/p>\n<p>&nbsp;<\/p>\n<p><strong>Lunes a Jueves<br \/><\/strong>08:00 a 17:00 horas.<\/p>\n<p><strong>Viernes<br \/><\/strong>08:00 a 16:00 horas.<\/p>\n<p>[\/et_pb_blurb][\/et_pb_column][et_pb_column type=\u00bb1_2&#8243; _builder_version=\u00bb3.25&#8243; custom_padding=\u00bb|||\u00bb custom_padding__hover=\u00bb|||\u00bb][et_pb_blurb title=\u00bbContacto\u00bb use_icon=\u00bbon\u00bb font_icon=\u00bb%%109%%\u00bb icon_color=\u00bb#ffffff\u00bb use_circle=\u00bbon\u00bb circle_color=\u00bb#d78c33&#8243; icon_placement=\u00bbleft\u00bb use_icon_font_size=\u00bbon\u00bb icon_font_size=\u00bb30&#8243; admin_label=\u00bbAnuncio (Contacto)\u00bb _builder_version=\u00bb4.9.7&#8243; background_size=\u00bbinitial\u00bb background_position=\u00bbtop_left\u00bb background_repeat=\u00bbrepeat\u00bb text_orientation=\u00bbjustified\u00bb background_layout=\u00bbdark\u00bb max_width_tablet=\u00bb50px\u00bb use_border_color=\u00bboff\u00bb]<\/p>\n<p><strong>Unidad de Comunicaciones y Relaciones P\u00fablicas<\/strong><\/p>\n<p><strong>Correo<br \/><\/strong>hrrio.rrpp@redsalud.gob.cl<\/p>\n<p><strong>Tel\u00e9fono<br \/><\/strong>(22) 575 80 79 \/ (22) 575 82 60<\/p>\n<p>[\/et_pb_blurb][\/et_pb_column][\/et_pb_row][\/et_pb_section]<\/p>\n","protected":false},"excerpt":{"rendered":"<p>[et_pb_section fb_built=\u00bb1&#8243; fullwidth=\u00bbon\u00bb custom_padding_last_edited=\u00bbon|desktop\u00bb admin_label=\u00bbsection\u00bb _builder_version=\u00bb3.22&#8243; background_color=\u00bb#ffffff\u00bb background_image=\u00bbhttp:\/\/www.hrrio.cl\/web2\/wp-content\/uploads\/2015\/07\/fondo-azul.jpg\u00bb parallax=\u00bbon\u00bb parallax_method=\u00bboff\u00bb custom_padding_tablet=\u00bb50px|0|50px|0&#8243; custom_padding_phone=\u00bb\u00bb transparent_background=\u00bboff\u00bb padding_mobile=\u00bboff\u00bb make_fullwidth=\u00bboff\u00bb use_custom_width=\u00bboff\u00bb width_unit=\u00bbon\u00bb][et_pb_fullwidth_header title=\u00bbComunicaciones y Relaciones P\u00fablicas\u00bb content_max_width=\u00bbnone\u00bb admin_label=\u00bbFullwidth Header\u00bb _builder_version=\u00bb4.9.4&#8243; background_color=\u00bbrgba(255, 255, 255, 0)\u00bb button_one_letter_spacing_hover=\u00bb0&#8243; button_two_letter_spacing_hover=\u00bb0&#8243; button_one_text_size__hover_enabled=\u00bboff\u00bb button_two_text_size__hover_enabled=\u00bboff\u00bb button_one_text_color__hover_enabled=\u00bboff\u00bb button_two_text_color__hover_enabled=\u00bboff\u00bb button_one_border_width__hover_enabled=\u00bboff\u00bb button_two_border_width__hover_enabled=\u00bboff\u00bb button_one_border_color__hover_enabled=\u00bboff\u00bb button_two_border_color__hover_enabled=\u00bboff\u00bb button_one_border_radius__hover_enabled=\u00bboff\u00bb button_two_border_radius__hover_enabled=\u00bboff\u00bb button_one_letter_spacing__hover_enabled=\u00bbon\u00bb button_one_letter_spacing__hover=\u00bb0&#8243; button_two_letter_spacing__hover_enabled=\u00bbon\u00bb button_two_letter_spacing__hover=\u00bb0&#8243; button_one_bg_color__hover_enabled=\u00bboff\u00bb button_two_bg_color__hover_enabled=\u00bboff\u00bb][\/et_pb_fullwidth_header][\/et_pb_section][et_pb_section fb_built=\u00bb1&#8243; admin_label=\u00bbsection\u00bb _builder_version=\u00bb3.22&#8243;][et_pb_row column_structure=\u00bb2_3,1_3&#8243; admin_label=\u00bbrow\u00bb _builder_version=\u00bb3.25&#8243; background_size=\u00bbinitial\u00bb background_position=\u00bbtop_left\u00bb [&hellip;]<\/p>\n","protected":false},"author":1,"featured_media":0,"parent":757,"menu_order":0,"comment_status":"open","ping_status":"open","template":"","meta":{"_et_pb_use_builder":"on","_et_pb_old_content":"","_et_gb_content_width":""},"_links":{"self":[{"href":"https:\/\/www.hrrio.cl\/web2\/wp-json\/wp\/v2\/pages\/463"}],"collection":[{"href":"https:\/\/www.hrrio.cl\/web2\/wp-json\/wp\/v2\/pages"}],"about":[{"href":"https:\/\/www.hrrio.cl\/web2\/wp-json\/wp\/v2\/types\/page"}],"author":[{"embeddable":true,"href":"https:\/\/www.hrrio.cl\/web2\/wp-json\/wp\/v2\/users\/1"}],"replies":[{"embeddable":true,"href":"https:\/\/www.hrrio.cl\/web2\/wp-json\/wp\/v2\/comments?post=463"}],"version-history":[{"count":6,"href":"https:\/\/www.hrrio.cl\/web2\/wp-json\/wp\/v2\/pages\/463\/revisions"}],"predecessor-version":[{"id":21342,"href":"https:\/\/www.hrrio.cl\/web2\/wp-json\/wp\/v2\/pages\/463\/revisions\/21342"}],"up":[{"embeddable":true,"href":"https:\/\/www.hrrio.cl\/web2\/wp-json\/wp\/v2\/pages\/757"}],"wp:attachment":[{"href":"https:\/\/www.hrrio.cl\/web2\/wp-json\/wp\/v2\/media?parent=463"}],"curies":[{"name":"wp","href":"https:\/\/api.w.org\/{rel}","templated":true}]}}

Comunicaciones y Relaciones Pública

<p>[et_pb_section fb_built=»1&#8243; fullwidth=»on» custom_padding_last_edited=»on|desktop» admin_label=»section» _builder_version=»3.22&#8243; background_color=»#ffffff» background_image=»http://www.hrrio.cl/web2/wp-content/uploads/2015/07/fondo-azul.jpg» parallax=»on» parallax_method=»off» custom_padding_tablet=»50px|0|50px|0&#8243; custom_padding_phone=»» transparent_background=»off» padding_mobile=»off» make_fullwidth=»off» use_custom_width=»off» width_unit=»on»][et_pb_fullwidth_header title=»Comunicaciones y Relaciones Públicas» content_max_width=»none» admin_label=»Fullwidth Header» _builder_version=»4.9.4&#8243; background_color=»rgba(255, 255, 255, 0)» button_one_letter_spacing_hover=»0&#8243; button_two_letter_spacing_hover=»0&#8243; button_one_text_size__hover_enabled=»off» button_two_text_size__hover_enabled=»off» button_one_text_color__hover_enabled=»off» button_two_text_color__hover_enabled=»off» button_one_border_width__hover_enabled=»off» button_two_border_width__hover_enabled=»off» button_one_border_color__hover_enabled=»off» button_two_border_color__hover_enabled=»off» button_one_border_radius__hover_enabled=»off» button_two_border_radius__hover_enabled=»off» button_one_letter_spacing__hover_enabled=»on» button_one_letter_spacing__hover=»0&#8243; button_two_letter_spacing__hover_enabled=»on» button_two_letter_spacing__hover=»0&#8243; button_one_bg_color__hover_enabled=»off» button_two_bg_color__hover_enabled=»off»][/et_pb_fullwidth_header][/et_pb_section][et_pb_section fb_built=»1&#8243; admin_label=»section» _builder_version=»3.22&#8243;][et_pb_row column_structure=»2_3,1_3&#8243; admin_label=»row» _builder_version=»3.25&#8243; background_size=»initial» background_position=»top_left» background_repeat=»repeat»][et_pb_column type=»2_3&#8243; _builder_version=»3.25&#8243; custom_padding=»|||» custom_padding__hover=»|||»][et_pb_text admin_label=»Titulo (Objetivo)» _builder_version=»3.27.4&#8243; background_image=»http://www.hrrio.cl/web2/wp-content/uploads/2015/07/fondo-naranjo.jpg» background_size=»initial» background_position=»top_left» background_repeat=»repeat» background_layout=»dark» custom_padding=»20|20|20|20&#8243; use_border_color=»off» border_color=»#ffffff» border_style=»solid»]</p>
<h2>OBJETIVOS</h2>
<p>[/et_pb_text][et_pb_text _builder_version=»4.9.4&#8243; background_size=»initial» background_position=»top_left» background_repeat=»repeat» custom_padding=»|||20&#8243; use_border_color=»off» border_color=»#ffffff» border_style=»solid»]</p>
<p>Asesorar en las comunicaciones internas y externas de la institución, buscando e implementado constantemente los mejores medios de difusión para nuestro público.</p>
<p>[/et_pb_text][et_pb_text admin_label=»Titulo (Funciones)» _builder_version=»3.27.4&#8243; background_image=»http://www.hrrio.cl/web2/wp-content/uploads/2015/07/fondo-naranjo.jpg» background_size=»initial» background_position=»top_left» background_repeat=»repeat» background_layout=»dark» custom_padding=»20|20|20|20&#8243; use_border_color=»off» border_color=»#ffffff» border_style=»solid»]</p>
<h2>FUNCIONES</h2>
<p>[/et_pb_text][et_pb_text _builder_version=»4.9.4&#8243; background_size=»initial» background_position=»top_left» background_repeat=»repeat» custom_padding=»|||20&#8243; use_border_color=»off» border_color=»#ffffff» border_style=»solid»]</p>
<ul>
<li>Búsqueda y redacción de contenidos del interés del usuario interno y externo, como trípticos, boletín institucional, noticias, volantes, entre otras.</li>
<li>Desarrollo y producción de eventos, en beneficio de los usuarios, funcionarios y del desarrollo de la imagen corporativa del Hospital.</li>
<li>Coordinación de actividades con autoridades, y visitas que acuden al establecimiento.</li>
<li>Redacción de los contenidos disponibles en el sitio web; tanto en información como en sección de noticias.</li>
<li>Conmemoración de las efemérides correspondientes a los funcionarios de la institución.</li>
<li>Coordinación de los diversos voluntariados que participan en el hospital.</li>
<li>Canalización de las solicitudes de entrevista de usuarios con las autoridades del establecimiento.</li>
<li>Trabajo directo con los medios de comunicación, tanto en situaciones de contingencia, como en actividades o situaciones relevantes de difundir a la opinión pública.</li>
</ul>
<p>[/et_pb_text][/et_pb_column][et_pb_column type=»1_3&#8243; _builder_version=»3.25&#8243; custom_padding=»|||» custom_padding__hover=»|||»][et_pb_team_member name=»Srta. Angela Valenzuela Reyes» position=»Periodista» admin_label=»Jefe Departamento» _builder_version=»4.9.7&#8243; background_image=»http://www.hrrio.cl/web2/wp-content/uploads/2015/07/cuadrado-celeste.jpg» background_size=»initial» background_position=»top_left» background_repeat=»repeat» background_layout=»dark» custom_padding=»20|20|20|20&#8243; use_border_color=»off»]</p>
<p>Jefa Unidad de Comunicaciones y RRPP</p>
<p>[/et_pb_team_member][/et_pb_column][/et_pb_row][/et_pb_section][et_pb_section fb_built=»1&#8243; custom_padding_last_edited=»on|desktop» admin_label=»section» _builder_version=»3.22&#8243; background_image=»http://www.hrrio.cl/web2/wp-content/uploads/2015/07/cuadrado-celeste.jpg» custom_padding_tablet=»50px|0|50px|0&#8243; custom_padding_phone=»» transparent_background=»off» padding_mobile=»off» make_fullwidth=»off» use_custom_width=»off» width_unit=»on»][et_pb_row column_structure=»1_2,1_2&#8243; admin_label=»row» _builder_version=»3.25&#8243; background_size=»initial» background_position=»top_left» background_repeat=»repeat»][et_pb_column type=»1_2&#8243; _builder_version=»3.25&#8243; custom_padding=»|||» custom_padding__hover=»|||»][et_pb_blurb title=»Horarios de atención» use_icon=»on» font_icon=»%%92%%» icon_color=»#ffffff» use_circle=»on» circle_color=»#d78c33&#8243; icon_placement=»left» use_icon_font_size=»on» icon_font_size=»30&#8243; admin_label=»Anuncio (Horarios)» _builder_version=»4.9.7&#8243; background_size=»initial» background_position=»top_left» background_repeat=»repeat» text_orientation=»justified» background_layout=»dark» use_border_color=»off» border_color=»#ffffff» border_style=»solid»]</p>
<p>&nbsp;</p>
<p><strong>Lunes a Jueves<br /></strong>08:00 a 17:00 horas.</p>
<p><strong>Viernes<br /></strong>08:00 a 16:00 horas.</p>
<p>[/et_pb_blurb][/et_pb_column][et_pb_column type=»1_2&#8243; _builder_version=»3.25&#8243; custom_padding=»|||» custom_padding__hover=»|||»][et_pb_blurb title=»Contacto» use_icon=»on» font_icon=»%%109%%» icon_color=»#ffffff» use_circle=»on» circle_color=»#d78c33&#8243; icon_placement=»left» use_icon_font_size=»on» icon_font_size=»30&#8243; admin_label=»Anuncio (Contacto)» _builder_version=»4.9.7&#8243; background_size=»initial» background_position=»top_left» background_repeat=»repeat» text_orientation=»justified» background_layout=»dark» max_width_tablet=»50px» use_border_color=»off»]</p>
<p><strong>Unidad de Comunicaciones y Relaciones Públicas</strong></p>
<p><strong>Correo<br /></strong>hrrio.rrpp@redsalud.gob.cl</p>
<p><strong>Teléfono<br /></strong>(22) 575 80 79 / (22) 575 82 60</p>
<p>[/et_pb_blurb][/et_pb_column][/et_pb_row][/et_pb_section]</p>

<p>[et_pb_section fb_built=»1&#8243; fullwidth=»on» custom_padding_last_edited=»on|desktop» admin_label=»section» _builder_version=»3.22&#8243; background_color=»#ffffff» background_image=»http://www.hrrio.cl/web2/wp-content/uploads/2015/07/fondo-azul.jpg» parallax=»on» parallax_method=»off» custom_padding_tablet=»50px|0|50px|0&#8243; custom_padding_phone=»» transparent_background=»off» padding_mobile=»off» make_fullwidth=»off» use_custom_width=»off» width_unit=»on»][et_pb_fullwidth_header title=»Comunicaciones y Relaciones Públicas» content_max_width=»none» admin_label=»Fullwidth Header» _builder_version=»4.9.4&#8243; background_color=»rgba(255, 255, 255, 0)» button_one_letter_spacing_hover=»0&#8243; button_two_letter_spacing_hover=»0&#8243; button_one_text_size__hover_enabled=»off» button_two_text_size__hover_enabled=»off» button_one_text_color__hover_enabled=»off» button_two_text_color__hover_enabled=»off» button_one_border_width__hover_enabled=»off» button_two_border_width__hover_enabled=»off» button_one_border_color__hover_enabled=»off» button_two_border_color__hover_enabled=»off» button_one_border_radius__hover_enabled=»off» button_two_border_radius__hover_enabled=»off» button_one_letter_spacing__hover_enabled=»on» button_one_letter_spacing__hover=»0&#8243; button_two_letter_spacing__hover_enabled=»on» button_two_letter_spacing__hover=»0&#8243; button_one_bg_color__hover_enabled=»off» button_two_bg_color__hover_enabled=»off»][/et_pb_fullwidth_header][/et_pb_section][et_pb_section fb_built=»1&#8243; admin_label=»section» _builder_version=»3.22&#8243;][et_pb_row column_structure=»2_3,1_3&#8243; admin_label=»row» _builder_version=»3.25&#8243; background_size=»initial» background_position=»top_left» [&hellip;]</p>
