{"id":20817,"date":"2025-07-15T12:24:49","date_gmt":"2025-07-15T15:24:49","guid":{"rendered":"https:\/\/www.hrrio.cl\/web2\/?page_id=20817"},"modified":"2025-08-25T14:50:10","modified_gmt":"2025-08-25T17:50:10","slug":"ccu","status":"publish","type":"page","link":"https:\/\/www.hrrio.cl\/web2\/ccu\/","title":{"rendered":"Consejo Consultivo de Usuarios"},"content":{"rendered":"<p>[et_pb_section fb_built=\u00bb1&#8243; fullwidth=\u00bbon\u00bb custom_padding_last_edited=\u00bbon|desktop\u00bb disabled_on=\u00bbon|on|off\u00bb admin_label=\u00bbsection\u00bb _builder_version=\u00bb4.9.7&#8243; background_color=\u00bb#ffffff\u00bb background_image=\u00bbhttp:\/\/www.hrrio.cl\/web2\/wp-content\/uploads\/2015\/07\/fondo-azul.jpg\u00bb parallax=\u00bbon\u00bb parallax_method=\u00bboff\u00bb custom_padding_tablet=\u00bb50px|0|50px|0&#8243; custom_padding_phone=\u00bb\u00bb transparent_background=\u00bboff\u00bb padding_mobile=\u00bboff\u00bb make_fullwidth=\u00bboff\u00bb use_custom_width=\u00bboff\u00bb width_unit=\u00bbon\u00bb][et_pb_fullwidth_header title=\u00bb Consejo Consultivo de Usuarios\u00bb content_max_width=\u00bbnone\u00bb disabled_on=\u00bbon|on|off\u00bb admin_label=\u00bbFullwidth Header (Nombre de la Unidad)\u00bb _builder_version=\u00bb4.9.7&#8243; title_font=\u00bb|on|||\u00bb title_font_size=\u00bb46&#8243; background_color=\u00bbrgba(255, 255, 255, 0)\u00bb custom_margin=\u00bb||-37px|||\u00bb custom_padding=\u00bb51px||84px|||\u00bb button_one_letter_spacing_hover=\u00bb0&#8243; button_two_letter_spacing_hover=\u00bb0&#8243; locked=\u00bboff\u00bb button_one_text_size__hover_enabled=\u00bboff\u00bb button_two_text_size__hover_enabled=\u00bboff\u00bb button_one_text_color__hover_enabled=\u00bboff\u00bb button_two_text_color__hover_enabled=\u00bboff\u00bb button_one_border_width__hover_enabled=\u00bboff\u00bb button_two_border_width__hover_enabled=\u00bboff\u00bb button_one_border_color__hover_enabled=\u00bboff\u00bb button_two_border_color__hover_enabled=\u00bboff\u00bb button_one_border_radius__hover_enabled=\u00bboff\u00bb button_two_border_radius__hover_enabled=\u00bboff\u00bb button_one_letter_spacing__hover_enabled=\u00bbon\u00bb button_one_letter_spacing__hover=\u00bb0&#8243; button_two_letter_spacing__hover_enabled=\u00bbon\u00bb button_two_letter_spacing__hover=\u00bb0&#8243; button_one_bg_color__hover_enabled=\u00bboff\u00bb button_two_bg_color__hover_enabled=\u00bboff\u00bb][\/et_pb_fullwidth_header][\/et_pb_section][et_pb_section fb_built=\u00bb1&#8243; fullwidth=\u00bbon\u00bb custom_padding_last_edited=\u00bbon|desktop\u00bb disabled_on=\u00bboff|off|on\u00bb admin_label=\u00bbsection\u00bb _builder_version=\u00bb4.9.7&#8243; background_color=\u00bb#ffffff\u00bb background_image=\u00bbhttp:\/\/www.hrrio.cl\/web2\/wp-content\/uploads\/2015\/07\/fondo-azul.jpg\u00bb parallax=\u00bbon\u00bb parallax_method=\u00bboff\u00bb custom_padding_tablet=\u00bb50px|0|50px|0&#8243; custom_padding_phone=\u00bb\u00bb transparent_background=\u00bboff\u00bb padding_mobile=\u00bboff\u00bb make_fullwidth=\u00bboff\u00bb use_custom_width=\u00bboff\u00bb width_unit=\u00bbon\u00bb][et_pb_fullwidth_header title=\u00bb Consejo Consultivo de Usuarios\u00bb content_max_width=\u00bbnone\u00bb disabled_on=\u00bboff|off|on\u00bb admin_label=\u00bbFullwidth Header (Nombre de la Unidad)\u00bb _builder_version=\u00bb4.9.7&#8243; title_font=\u00bb|on|||\u00bb title_font_size=\u00bb46&#8243; background_color=\u00bbrgba(255, 255, 255, 0)\u00bb custom_margin=\u00bb||-37px|||\u00bb custom_padding=\u00bb51px||84px|||\u00bb button_one_letter_spacing_hover=\u00bb0&#8243; button_two_letter_spacing_hover=\u00bb0&#8243; locked=\u00bboff\u00bb button_one_text_size__hover_enabled=\u00bboff\u00bb button_two_text_size__hover_enabled=\u00bboff\u00bb button_one_text_color__hover_enabled=\u00bboff\u00bb button_two_text_color__hover_enabled=\u00bboff\u00bb button_one_border_width__hover_enabled=\u00bboff\u00bb button_two_border_width__hover_enabled=\u00bboff\u00bb button_one_border_color__hover_enabled=\u00bboff\u00bb button_two_border_color__hover_enabled=\u00bboff\u00bb button_one_border_radius__hover_enabled=\u00bboff\u00bb button_two_border_radius__hover_enabled=\u00bboff\u00bb button_one_letter_spacing__hover_enabled=\u00bbon\u00bb button_one_letter_spacing__hover=\u00bb0&#8243; button_two_letter_spacing__hover_enabled=\u00bbon\u00bb button_two_letter_spacing__hover=\u00bb0&#8243; button_one_bg_color__hover_enabled=\u00bboff\u00bb button_two_bg_color__hover_enabled=\u00bboff\u00bb][\/et_pb_fullwidth_header][\/et_pb_section][et_pb_section fb_built=\u00bb1&#8243; _builder_version=\u00bb4.9.7&#8243; _module_preset=\u00bbdefault\u00bb custom_padding=\u00bb9px||112px|||\u00bb][et_pb_row column_structure=\u00bb1_2,1_2&#8243; _builder_version=\u00bb4.9.7&#8243; _module_preset=\u00bbdefault\u00bb min_height=\u00bb244.8px\u00bb custom_margin=\u00bb-4px|auto|0px|auto|false|false\u00bb custom_padding=\u00bb13px||0px|11px|false|false\u00bb border_color_all=\u00bb#f59f17&#8243;][et_pb_column type=\u00bb1_2&#8243; _builder_version=\u00bb4.9.7&#8243; _module_preset=\u00bbdefault\u00bb][et_pb_text content_tablet=\u00bb\u00bb content_phone=\u00bb\u00bb content_last_edited=\u00bbon|desktop\u00bb disabled_on=\u00bbon|on|off\u00bb _builder_version=\u00bb4.9.7&#8243; _module_preset=\u00bbdefault\u00bb text_line_height=\u00bb1.8em\u00bb header_line_height=\u00bb1.9em\u00bb background_color=\u00bb#FFFFFF\u00bb width=\u00bb115.9%\u00bb min_height=\u00bb205.8px\u00bb custom_margin=\u00bb3px|-113px|1px|-2px||\u00bb custom_padding=\u00bb27px|65px|13px|5px||\u00bb border_color_all=\u00bb#FFFFFF\u00bb]<\/p>\n<h4><span style=\"color: #f59f17;\"><strong>\u00bfQu\u00e9 es un Consejo Consultivo de Usuarios?<\/strong><\/span><\/h4>\n<p style=\"text-align: justify;\">Es un grupo de trabajo en el que participan representantes de la<strong> comunidad usuaria<\/strong>, del equipo de<strong> trabajadores del hospital<\/strong> y de la <strong>Direcci\u00f3n<\/strong>. Su prop\u00f3sito es generar <strong>un espacio de di\u00e1logo y colaboraci\u00f3n<\/strong>, donde el hospital entrega informaci\u00f3n relevante sobre sus programas, planes de acci\u00f3n y actividades, promoviendo la transparencia, la participaci\u00f3n y la mejora continua de la atenci\u00f3n en salud.<\/p>\n<p><span style=\"color: #ffffff;\"><\/span><\/p>\n<p>[\/et_pb_text][et_pb_text disabled_on=\u00bboff|off|on\u00bb _builder_version=\u00bb4.9.7&#8243; _module_preset=\u00bbdefault\u00bb text_line_height=\u00bb1.8em\u00bb background_color=\u00bb#FFFFFF\u00bb width=\u00bb115.9%\u00bb min_height=\u00bb205.8px\u00bb custom_margin=\u00bb3px|-97px|1px|-18px||\u00bb custom_padding=\u00bb12px|29px|13px|5px||\u00bb border_color_all=\u00bb#FFFFFF\u00bb]<\/p>\n<h4><span style=\"color: #f59f17;\"><strong>\u00bfQu\u00e9 es un Consejo Consultivo de Usuarios?<\/strong><\/span><\/h4>\n<p style=\"text-align: justify;\">Es un grupo de trabajo en el que participan representantes de la<strong> comunidad usuaria<\/strong>, del equipo de<strong> trabajadores del hospital<\/strong> y de la <strong>Direcci\u00f3n<\/strong>. Su prop\u00f3sito es generar <strong>un espacio de di\u00e1logo y colaboraci\u00f3n<\/strong>, donde el hospital entrega informaci\u00f3n relevante sobre sus programas, planes de acci\u00f3n y actividades, promoviendo la transparencia, la participaci\u00f3n y la mejora continua de la atenci\u00f3n en salud.<\/p>\n<p>[\/et_pb_text][et_pb_image src=\u00bbhttp:\/\/www.hrrio.cl\/web2\/wp-content\/uploads\/2025\/07\/a-3.png\u00bb title_text=\u00bba (3)\u00bb align=\u00bbcenter\u00bb disabled_on=\u00bboff|off|on\u00bb _builder_version=\u00bb4.9.7&#8243; _module_preset=\u00bbdefault\u00bb background_color=\u00bbRGBA(0,0,0,0)\u00bb min_height=\u00bb221.9px\u00bb custom_margin=\u00bb-55px|-2px|-46px|-46px||\u00bb custom_padding=\u00bb61px|8px|0px|19px||false\u00bb border_color_all=\u00bb#f59f17&#8243;][\/et_pb_image][\/et_pb_column][et_pb_column type=\u00bb1_2&#8243; _builder_version=\u00bb4.9.7&#8243; _module_preset=\u00bbdefault\u00bb][et_pb_image src=\u00bbhttp:\/\/www.hrrio.cl\/web2\/wp-content\/uploads\/2025\/07\/a-3.png\u00bb title_text=\u00bba (3)\u00bb align=\u00bbcenter\u00bb disabled_on=\u00bbon|on|off\u00bb _builder_version=\u00bb4.9.7&#8243; _module_preset=\u00bbdefault\u00bb background_color=\u00bbRGBA(0,0,0,0)\u00bb min_height=\u00bb101.9px\u00bb custom_margin=\u00bb-11px|55px|-16px|-46px||\u00bb custom_padding=\u00bb29px|255px|0px|69px||false\u00bb border_color_all=\u00bb#f59f17&#8243;][\/et_pb_image][\/et_pb_column][\/et_pb_row][et_pb_row column_structure=\u00bb2_5,3_5&#8243; _builder_version=\u00bb4.9.7&#8243; _module_preset=\u00bbdefault\u00bb min_height=\u00bb168.2px\u00bb custom_margin=\u00bb35px|auto|14px|338px|false|false\u00bb custom_padding=\u00bb0px|0px|14px|||\u00bb border_color_all=\u00bb#0034a8&#8243; locked=\u00bboff\u00bb][et_pb_column type=\u00bb2_5&#8243; _builder_version=\u00bb4.9.7&#8243; _module_preset=\u00bbdefault\u00bb][et_pb_image src=\u00bbhttp:\/\/www.hrrio.cl\/web2\/wp-content\/uploads\/2025\/07\/a-2.png\u00bb title_text=\u00bba (2)\u00bb disabled_on=\u00bbon|on|off\u00bb _builder_version=\u00bb4.9.7&#8243; _module_preset=\u00bbdefault\u00bb background_color=\u00bb#FFFFFF\u00bb width=\u00bb100%\u00bb min_height=\u00bb51.7px\u00bb custom_margin=\u00bb-65px|-87px|-51px|-28px||\u00bb custom_padding=\u00bb29px|71px|4px|71px||true\u00bb border_color_all=\u00bb#FFFFFF\u00bb][\/et_pb_image][\/et_pb_column][et_pb_column type=\u00bb3_5&#8243; _builder_version=\u00bb4.9.7&#8243; _module_preset=\u00bbdefault\u00bb][et_pb_text disabled_on=\u00bbon|on|off\u00bb _builder_version=\u00bb4.9.7&#8243; _module_preset=\u00bbdefault\u00bb text_line_height=\u00bb1.8em\u00bb background_color=\u00bb#FFFFFF\u00bb width=\u00bb84.7%\u00bb custom_margin=\u00bb-5px|-61px|-1px|-92px||\u00bb custom_padding=\u00bb|71px|28px|0px||\u00bb border_color_all=\u00bbRGBA(0,0,0,0)\u00bb]<\/p>\n<h4 style=\"text-align: justify;\"><span style=\"color: #0034a8;\"><strong>\u00bfQui\u00e9nes participan?<\/strong><\/span><\/h4>\n<p>El Consejo est\u00e1 conformado por representantes de distintos actores vinculados al hospital, entre ellos:<\/p>\n<ul>\n<li><strong>Personas usuarias del hospital, cuidadores\/as y organizaciones sociales o territoriales.<\/strong><\/li>\n<li><strong>Trabajadores\/as del establecimiento.<\/strong><\/li>\n<li><strong>Representantes de la Direcci\u00f3n del hospital.<\/strong><\/li>\n<\/ul>\n<p>&nbsp;<\/p>\n<p>[\/et_pb_text][et_pb_text disabled_on=\u00bboff|off|on\u00bb _builder_version=\u00bb4.9.7&#8243; _module_preset=\u00bbdefault\u00bb text_line_height=\u00bb1.8em\u00bb background_color=\u00bb#FFFFFF\u00bb width=\u00bb100%\u00bb custom_margin=\u00bb11px|-71px|3px|-300px||\u00bb custom_padding=\u00bb|18px|28px|0px||\u00bb border_color_all=\u00bbRGBA(0,0,0,0)\u00bb]<\/p>\n<h4 style=\"text-align: justify;\"><span style=\"color: #0034a8;\"><strong>\u00bfQui\u00e9nes participan?<\/strong><\/span><\/h4>\n<p style=\"text-align: justify;\">El Consejo est\u00e1 conformado por representantes de distintos actores vinculados al hospital, entre ellos:<\/p>\n<ul>\n<li style=\"text-align: justify;\"><strong>Personas usuarias del hospital, cuidadores\/as y organizaciones sociales o territoriales.<\/strong><\/li>\n<li style=\"text-align: justify;\"><strong>Trabajadores\/as del establecimiento.<\/strong><\/li>\n<li style=\"text-align: justify;\"><strong>Representantes de la Direcci\u00f3n del hospital.<\/strong><\/li>\n<\/ul>\n<p>[\/et_pb_text][et_pb_image src=\u00bbhttp:\/\/www.hrrio.cl\/web2\/wp-content\/uploads\/2025\/07\/a-2.png\u00bb title_text=\u00bba (2)\u00bb disabled_on=\u00bboff|off|on\u00bb _builder_version=\u00bb4.9.7&#8243; _module_preset=\u00bbdefault\u00bb background_color=\u00bb#FFFFFF\u00bb width=\u00bb123.2%\u00bb max_width=\u00bb211%\u00bb min_height=\u00bb51.7px\u00bb custom_margin=\u00bb-54px|-86px|2px|-339px||\u00bb custom_padding=\u00bb13px|8px|3px|8px||true\u00bb border_color_all=\u00bb#FFFFFF\u00bb][\/et_pb_image][\/et_pb_column][\/et_pb_row][et_pb_row column_structure=\u00bb1_2,1_2&#8243; _builder_version=\u00bb4.9.7&#8243; _module_preset=\u00bbdefault\u00bb min_height=\u00bb235.8px\u00bb custom_margin=\u00bb-36px|auto|-104px|auto|false|false\u00bb custom_padding=\u00bb0px||94px|17px|false|false\u00bb border_color_all=\u00bb#f59f17&#8243;][et_pb_column type=\u00bb1_2&#8243; _builder_version=\u00bb4.9.7&#8243; _module_preset=\u00bbdefault\u00bb][et_pb_text content_tablet=\u00bb\u00bb content_phone=\u00bb\u00bb content_last_edited=\u00bbon|desktop\u00bb disabled_on=\u00bbon|on|off\u00bb _builder_version=\u00bb4.9.7&#8243; _module_preset=\u00bbdefault\u00bb text_line_height=\u00bb1.8em\u00bb background_color=\u00bb#FFFFFF\u00bb width=\u00bb115.9%\u00bb min_height=\u00bb216.8px\u00bb custom_margin=\u00bb3px|-113px|1px|-2px||\u00bb custom_padding=\u00bb33px|153px|13px|5px||\u00bb border_color_all=\u00bb#FFFFFF\u00bb]<\/p>\n<h4><span style=\"color: #f59f17;\"><strong>\u00bfPor qu\u00e9 es importante?<\/strong><\/span><\/h4>\n<p style=\"text-align: justify;\">Porque permite que <strong>la comunidad tenga un rol activo<\/strong> en la mejora de los servicios de salud, aportando su mirada, necesidades y propuestas. Este espacio fortalece la <strong>transparencia<\/strong>, el <strong>control ciudadano<\/strong> y una<strong> atenci\u00f3n m\u00e1s cercana<\/strong> a las personas.<\/p>\n<p><span style=\"color: #ffffff;\"><\/span><\/p>\n<p>[\/et_pb_text][et_pb_text disabled_on=\u00bboff|off|on\u00bb _builder_version=\u00bb4.9.7&#8243; _module_preset=\u00bbdefault\u00bb text_line_height=\u00bb1.8em\u00bb background_color=\u00bb#FFFFFF\u00bb width=\u00bb115.9%\u00bb min_height=\u00bb205.8px\u00bb custom_margin=\u00bb3px|-97px|1px|-18px||\u00bb custom_padding=\u00bb49px|29px|0px|5px||\u00bb border_color_all=\u00bb#FFFFFF\u00bb]<\/p>\n<h4><span style=\"color: #f59f17;\"><strong>\u00bfPor qu\u00e9 es importante?<\/strong><\/span><\/h4>\n<p style=\"text-align: justify;\">Porque permite que <strong>la comunidad tenga un rol activo<\/strong> en la mejora de los servicios de salud, aportando su mirada, necesidades y propuestas. Este espacio fortalece la <strong>transparencia<\/strong>, el <strong>control ciudadano<\/strong> y una<strong> atenci\u00f3n m\u00e1s cercana<\/strong> a las personas.<\/p>\n<p><span style=\"color: #ffffff;\"><\/span><\/p>\n<p>[\/et_pb_text][et_pb_image src=\u00bbhttp:\/\/www.hrrio.cl\/web2\/wp-content\/uploads\/2025\/07\/a-4.png\u00bb title_text=\u00bba (4)\u00bb align=\u00bbcenter\u00bb disabled_on=\u00bboff|off|on\u00bb _builder_version=\u00bb4.9.7&#8243; _module_preset=\u00bbdefault\u00bb background_color=\u00bbRGBA(0,0,0,0)\u00bb min_height=\u00bb230.9px\u00bb custom_margin=\u00bb-35px|-2px|-46px|-46px||\u00bb custom_padding=\u00bb45px|8px|0px|19px||false\u00bb border_color_all=\u00bb#f59f17&#8243;][\/et_pb_image][\/et_pb_column][et_pb_column type=\u00bb1_2&#8243; _builder_version=\u00bb4.9.7&#8243; _module_preset=\u00bbdefault\u00bb][et_pb_image src=\u00bbhttp:\/\/www.hrrio.cl\/web2\/wp-content\/uploads\/2025\/07\/a-4.png\u00bb title_text=\u00bba (4)\u00bb align=\u00bbcenter\u00bb disabled_on=\u00bbon|on|off\u00bb _builder_version=\u00bb4.9.7&#8243; _module_preset=\u00bbdefault\u00bb background_color=\u00bbRGBA(0,0,0,0)\u00bb min_height=\u00bb101.9px\u00bb custom_margin=\u00bb-54px|55px|-8px|-87px||\u00bb custom_padding=\u00bb13px|275px|0px|2px||false\u00bb border_color_all=\u00bb#f59f17&#8243;][\/et_pb_image][\/et_pb_column][\/et_pb_row][et_pb_row _builder_version=\u00bb4.9.7&#8243; _module_preset=\u00bbdefault\u00bb][et_pb_column type=\u00bb4_4&#8243; _builder_version=\u00bb4.9.7&#8243; _module_preset=\u00bbdefault\u00bb][et_pb_text disabled_on=\u00bbon|on|off\u00bb _builder_version=\u00bb4.9.7&#8243; _module_preset=\u00bbdefault\u00bb text_line_height=\u00bb1.8em\u00bb custom_margin=\u00bb-17px||9px|||\u00bb custom_padding=\u00bb|305px||22px||\u00bb]<\/p>\n<h4 style=\"text-align: justify;\"><span style=\"color: #0034a8;\"><strong>\u00bfTe gustar\u00eda ser parte del Consejo Consultivo de Usuarios?<\/strong><\/span><\/h4>\n<p>Si quieres aportar con tu experiencia y contribuir a construir una mejor salud p\u00fablica, te invitamos a <strong>ingresar al Consejo Consultivo de Usuarios completando el siguiente formulario:<\/strong><\/p>\n<p>[\/et_pb_text][et_pb_text disabled_on=\u00bboff|off|on\u00bb _builder_version=\u00bb4.9.7&#8243; _module_preset=\u00bbdefault\u00bb text_line_height=\u00bb1.8em\u00bb header_line_height=\u00bb1.9em\u00bb custom_padding=\u00bb|24px||||\u00bb]<\/p>\n<h4 style=\"text-align: left;\"><span style=\"color: #0034a8;\"><strong>\u00bfTe gustar\u00eda ser parte del Consejo Consultivo de Usuarios?<\/strong><\/span><\/h4>\n<p style=\"text-align: left;\">Si quieres aportar con tu experiencia y contribuir a construir una mejor salud p\u00fablica, te invitamos a <strong>ingresar al Consejo Consultivo de Usuarios completando el siguiente formulario:<\/strong><\/p>\n<p>[\/et_pb_text][\/et_pb_column][\/et_pb_row][et_pb_row _builder_version=\u00bb4.9.7&#8243; _module_preset=\u00bbdefault\u00bb custom_margin=\u00bb-25px|auto||auto||\u00bb custom_padding=\u00bb19px||36px|||\u00bb][et_pb_column type=\u00bb4_4&#8243; _builder_version=\u00bb4.9.7&#8243; _module_preset=\u00bbdefault\u00bb][et_pb_code _builder_version=\u00bb4.9.7&#8243; _module_preset=\u00bbdefault\u00bb custom_padding=\u00bb||111px|||\u00bb hover_enabled=\u00bb0&#8243; sticky_enabled=\u00bb0&#8243;]<iframe loading=\"lazy\" src=\"https:\/\/docs.google.com\/forms\/d\/e\/1FAIpQLSc_H9TKLqAmBLvY6_tqrviD6Rtv_tCJgbJSibc8DEoAoVJn5A\/viewform?embedded=true\" width=\"640\" height=\"1500\" frameborder=\"0\" marginheight=\"0\" marginwidth=\"0\">Cargando\u2026<\/iframe>[\/et_pb_code][\/et_pb_column][\/et_pb_row][\/et_pb_section]<\/p>\n","protected":false},"excerpt":{"rendered":"<p>[et_pb_section fb_built=\u00bb1&#8243; fullwidth=\u00bbon\u00bb custom_padding_last_edited=\u00bbon|desktop\u00bb disabled_on=\u00bbon|on|off\u00bb admin_label=\u00bbsection\u00bb _builder_version=\u00bb4.9.7&#8243; background_color=\u00bb#ffffff\u00bb background_image=\u00bbhttp:\/\/www.hrrio.cl\/web2\/wp-content\/uploads\/2015\/07\/fondo-azul.jpg\u00bb parallax=\u00bbon\u00bb parallax_method=\u00bboff\u00bb custom_padding_tablet=\u00bb50px|0|50px|0&#8243; custom_padding_phone=\u00bb\u00bb transparent_background=\u00bboff\u00bb padding_mobile=\u00bboff\u00bb make_fullwidth=\u00bboff\u00bb use_custom_width=\u00bboff\u00bb width_unit=\u00bbon\u00bb][et_pb_fullwidth_header title=\u00bb Consejo Consultivo de Usuarios\u00bb content_max_width=\u00bbnone\u00bb disabled_on=\u00bbon|on|off\u00bb admin_label=\u00bbFullwidth Header (Nombre de la Unidad)\u00bb _builder_version=\u00bb4.9.7&#8243; title_font=\u00bb|on|||\u00bb title_font_size=\u00bb46&#8243; background_color=\u00bbrgba(255, 255, 255, 0)\u00bb custom_margin=\u00bb||-37px|||\u00bb custom_padding=\u00bb51px||84px|||\u00bb button_one_letter_spacing_hover=\u00bb0&#8243; button_two_letter_spacing_hover=\u00bb0&#8243; locked=\u00bboff\u00bb button_one_text_size__hover_enabled=\u00bboff\u00bb button_two_text_size__hover_enabled=\u00bboff\u00bb button_one_text_color__hover_enabled=\u00bboff\u00bb button_two_text_color__hover_enabled=\u00bboff\u00bb button_one_border_width__hover_enabled=\u00bboff\u00bb button_two_border_width__hover_enabled=\u00bboff\u00bb button_one_border_color__hover_enabled=\u00bboff\u00bb button_two_border_color__hover_enabled=\u00bboff\u00bb button_one_border_radius__hover_enabled=\u00bboff\u00bb button_two_border_radius__hover_enabled=\u00bboff\u00bb button_one_letter_spacing__hover_enabled=\u00bbon\u00bb button_one_letter_spacing__hover=\u00bb0&#8243; [&hellip;]<\/p>\n","protected":false},"author":7,"featured_media":0,"parent":0,"menu_order":0,"comment_status":"closed","ping_status":"closed","template":"","meta":{"_et_pb_use_builder":"on","_et_pb_old_content":"","_et_gb_content_width":""},"_links":{"self":[{"href":"https:\/\/www.hrrio.cl\/web2\/wp-json\/wp\/v2\/pages\/20817"}],"collection":[{"href":"https:\/\/www.hrrio.cl\/web2\/wp-json\/wp\/v2\/pages"}],"about":[{"href":"https:\/\/www.hrrio.cl\/web2\/wp-json\/wp\/v2\/types\/page"}],"author":[{"embeddable":true,"href":"https:\/\/www.hrrio.cl\/web2\/wp-json\/wp\/v2\/users\/7"}],"replies":[{"embeddable":true,"href":"https:\/\/www.hrrio.cl\/web2\/wp-json\/wp\/v2\/comments?post=20817"}],"version-history":[{"count":65,"href":"https:\/\/www.hrrio.cl\/web2\/wp-json\/wp\/v2\/pages\/20817\/revisions"}],"predecessor-version":[{"id":21045,"href":"https:\/\/www.hrrio.cl\/web2\/wp-json\/wp\/v2\/pages\/20817\/revisions\/21045"}],"wp:attachment":[{"href":"https:\/\/www.hrrio.cl\/web2\/wp-json\/wp\/v2\/media?parent=20817"}],"curies":[{"name":"wp","href":"https:\/\/api.w.org\/{rel}","templated":true}]}}