{"id":7335,"date":"2016-09-06T11:57:58","date_gmt":"2016-09-06T14:57:58","guid":{"rendered":"http:\/\/www.hrrio.cl\/web2\/?page_id=7335"},"modified":"2025-11-20T13:00:53","modified_gmt":"2025-11-20T16:00:53","slug":"nuestras-atenciones","status":"publish","type":"page","link":"http:\/\/www.hrrio.cl\/web2\/nuestras-atenciones\/","title":{"rendered":"Nuestras atenciones"},"content":{"rendered":"<p>[et_pb_section fb_built=\u00bb1&#8243; inner_shadow=\u00bbon\u00bb fullwidth=\u00bbon\u00bb admin_label=\u00bbsection\u00bb _builder_version=\u00bb3.22&#8243; background_color=\u00bb#2ea3f2&#8243;][et_pb_fullwidth_header title=\u00bbNuestras atenciones\u00bb content_max_width=\u00bbnone\u00bb admin_label=\u00bbFullwidth Header\u00bb _builder_version=\u00bb3.16&#8243; background_color=\u00bbrgba(255, 255, 255, 0)\u00bb button_one_letter_spacing_hover=\u00bb0&#8243; button_two_letter_spacing_hover=\u00bb0&#8243; button_one_text_size__hover_enabled=\u00bboff\u00bb button_two_text_size__hover_enabled=\u00bboff\u00bb button_one_text_color__hover_enabled=\u00bboff\u00bb button_two_text_color__hover_enabled=\u00bboff\u00bb button_one_border_width__hover_enabled=\u00bboff\u00bb button_two_border_width__hover_enabled=\u00bboff\u00bb button_one_border_color__hover_enabled=\u00bboff\u00bb button_two_border_color__hover_enabled=\u00bboff\u00bb button_one_border_radius__hover_enabled=\u00bboff\u00bb button_two_border_radius__hover_enabled=\u00bboff\u00bb button_one_letter_spacing__hover_enabled=\u00bbon\u00bb button_one_letter_spacing__hover=\u00bb0&#8243; button_two_letter_spacing__hover_enabled=\u00bbon\u00bb button_two_letter_spacing__hover=\u00bb0&#8243; button_one_bg_color__hover_enabled=\u00bboff\u00bb button_two_bg_color__hover_enabled=\u00bboff\u00bb][\/et_pb_fullwidth_header][\/et_pb_section][et_pb_section fb_built=\u00bb1&#8243; specialty=\u00bbon\u00bb admin_label=\u00bbsection\u00bb _builder_version=\u00bb3.22&#8243;][et_pb_column type=\u00bb3_4&#8243; specialty_columns=\u00bb3&#8243; _builder_version=\u00bb3.25&#8243; custom_padding=\u00bb|||\u00bb custom_padding__hover=\u00bb|||\u00bb][et_pb_row_inner column_structure=\u00bb1_2,1_2&#8243; admin_label=\u00bbrow_inner\u00bb _builder_version=\u00bb3.25&#8243;][et_pb_column_inner type=\u00bb1_2&#8243; saved_specialty_column_type=\u00bb3_4&#8243; _builder_version=\u00bb3.25&#8243; custom_padding=\u00bb|||\u00bb custom_padding__hover=\u00bb|||\u00bb][et_pb_text admin_label=\u00bbText\u00bb _builder_version=\u00bb3.27.4&#8243; background_size=\u00bbinitial\u00bb background_position=\u00bbtop_left\u00bb background_repeat=\u00bbrepeat\u00bb use_border_color=\u00bboff\u00bb border_color=\u00bb#ffffff\u00bb border_style=\u00bbsolid\u00bb custom_margin=\u00bb|-32px||||\u00bb]<\/p>\n<h2><\/h2>\n<div align=\"justify\">El Hospital de Ni\u00f1os Roberto del R\u00edo cuenta con atenci\u00f3n de Urgencia, consulta de Especialistas Ambulatoria y atenci\u00f3n de Hospitalizados, donde se atienden principalmente ni\u00f1os de la zona norte de Santiago y derivados de diferentes \u00e1reas del pa\u00eds.<\/p>\n<p>&nbsp;<\/p>\n<p>Nuestro Establecimiento es un Hospital de alta complejidad que cuenta con todas las especialidades y subespecialidades pedi\u00e1tricas, siendo centro de referencia a nivel nacional y centro de atenci\u00f3n de patolog\u00edas GES.<\/p>\n<\/div>\n<p>[\/et_pb_text][\/et_pb_column_inner][et_pb_column_inner type=\u00bb1_2&#8243; saved_specialty_column_type=\u00bb3_4&#8243; _builder_version=\u00bb3.25&#8243; custom_padding=\u00bb|||\u00bb custom_padding__hover=\u00bb|||\u00bb][et_pb_text admin_label=\u00bbText\u00bb _builder_version=\u00bb4.9.7&#8243; background_size=\u00bbinitial\u00bb background_position=\u00bbtop_left\u00bb background_repeat=\u00bbrepeat\u00bb hover_enabled=\u00bb0&#8243; use_border_color=\u00bboff\u00bb border_color=\u00bb#ffffff\u00bb border_style=\u00bbsolid\u00bb sticky_enabled=\u00bb0&#8243; custom_margin=\u00bb|-6px||9px||\u00bb]<\/p>\n<p><a href=\"http:\/\/www.hrrio.cl\/web2\/wp-content\/uploads\/2016\/09\/ecmo3.jpg\"><img loading=\"lazy\" class=\"wp-image-7450 size-full\" src=\"http:\/\/www.hrrio.cl\/web2\/wp-content\/uploads\/2016\/09\/ecmo3.jpg\" width=\"2048\" height=\"1365\" srcset=\"http:\/\/www.hrrio.cl\/web2\/wp-content\/uploads\/2016\/09\/ecmo3.jpg 2048w, http:\/\/www.hrrio.cl\/web2\/wp-content\/uploads\/2016\/09\/ecmo3-300x200.jpg 300w, http:\/\/www.hrrio.cl\/web2\/wp-content\/uploads\/2016\/09\/ecmo3-768x512.jpg 768w, http:\/\/www.hrrio.cl\/web2\/wp-content\/uploads\/2016\/09\/ecmo3-1024x683.jpg 1024w, http:\/\/www.hrrio.cl\/web2\/wp-content\/uploads\/2016\/09\/ecmo3-1080x720.jpg 1080w\" sizes=\"(max-width: 2048px) 100vw, 2048px\" \/><\/a>\u00a0<\/p>\n<p>[\/et_pb_text][\/et_pb_column_inner][\/et_pb_row_inner][et_pb_row_inner column_structure=\u00bb1_3,1_3,1_3&#8243; admin_label=\u00bbrow_inner\u00bb _builder_version=\u00bb3.25&#8243; custom_margin=\u00bb|829px||||\u00bb custom_padding=\u00bb|||6px||\u00bb][et_pb_column_inner type=\u00bb1_3&#8243; saved_specialty_column_type=\u00bb3_4&#8243; _builder_version=\u00bb3.25&#8243; custom_padding=\u00bb|||\u00bb custom_padding__hover=\u00bb|||\u00bb][et_pb_toggle title=\u00bbUnidades de atenci\u00f3n Ambulatorio (CAE)\u00bb open_toggle_background_color=\u00bb#eaeaea\u00bb icon_color=\u00bb#0c71c3&#8243; admin_label=\u00bbConmutador\u00bb _builder_version=\u00bb4.9.7&#8243; title_text_color=\u00bb#0c71c3&#8243; background_size=\u00bbinitial\u00bb background_position=\u00bbtop_left\u00bb background_repeat=\u00bbrepeat\u00bb hover_enabled=\u00bb0&#8243; use_border_color=\u00bboff\u00bb border_color=\u00bb#ffffff\u00bb border_style=\u00bbsolid\u00bb sticky_enabled=\u00bb0&#8243;]<\/p>\n<p>Cirug\u00eda y Tramatolog\u00eda<\/p>\n<p>Oftalmolog\u00eda<\/p>\n<p>Otorrinolaringolog\u00eda<\/p>\n<p>Electroencefalograf\u00eda<\/p>\n<p>Nefrolog\u00eda<\/p>\n<p>Di\u00e1lisis<\/p>\n<p>Broncopulmonar<\/p>\n<p>Cardiolog\u00eda<\/p>\n<p>Endocrinolog\u00eda<\/p>\n<p>Neurolog\u00eda<\/p>\n<p>Infectolog\u00eda<\/p>\n<p>Gen\u00e9tica<\/p>\n<p>Salud Mental<\/p>\n<p>Naneas<\/p>\n<p>[\/et_pb_toggle][\/et_pb_column_inner][et_pb_column_inner type=\u00bb1_3&#8243; saved_specialty_column_type=\u00bb3_4&#8243; _builder_version=\u00bb3.25&#8243; custom_padding=\u00bb|||\u00bb custom_padding__hover=\u00bb|||\u00bb][et_pb_toggle title=\u00bbUnidades de Hospitalizados\u00bb open_toggle_background_color=\u00bb#eaeaea\u00bb icon_color=\u00bb#0c71c3&#8243; admin_label=\u00bbConmutador\u00bb _builder_version=\u00bb4.9.7&#8243; title_text_color=\u00bb#0c71c3&#8243; background_size=\u00bbinitial\u00bb background_position=\u00bbtop_left\u00bb background_repeat=\u00bbrepeat\u00bb hover_enabled=\u00bb0&#8243; use_border_color=\u00bboff\u00bb border_color=\u00bb#ffffff\u00bb border_style=\u00bbsolid\u00bb sticky_enabled=\u00bb0&#8243;]<\/p>\n<p>UPC (UCI &#8211; UTI)<\/p>\n<p>Cirug\u00eda y Traumatolog\u00eda<\/p>\n<p>Quemados<\/p>\n<p>Pediatr\u00eda<\/p>\n<p>UCI Cardiocirug\u00eda<\/p>\n<p>Oncolog\u00eda<\/p>\n<p>[\/et_pb_toggle][\/et_pb_column_inner][et_pb_column_inner type=\u00bb1_3&#8243; saved_specialty_column_type=\u00bb3_4&#8243; _builder_version=\u00bb3.25&#8243; custom_padding=\u00bb|||\u00bb custom_padding__hover=\u00bb|||\u00bb][et_pb_toggle title=\u00bbUnidades de Apoyo Cl\u00ednico\u00bb open_toggle_background_color=\u00bb#eaeaea\u00bb icon_color=\u00bb#0c71c3&#8243; admin_label=\u00bbConmutador\u00bb _builder_version=\u00bb4.9.7&#8243; title_text_color=\u00bb#0c71c3&#8243; background_size=\u00bbinitial\u00bb background_position=\u00bbtop_left\u00bb background_repeat=\u00bbrepeat\u00bb hover_enabled=\u00bb0&#8243; use_border_color=\u00bboff\u00bb border_color=\u00bb#ffffff\u00bb border_style=\u00bbsolid\u00bb sticky_enabled=\u00bb0&#8243;]<\/p>\n<p>Imagenolog\u00eda<\/p>\n<p>Laboratorio<\/p>\n<p>Farmacia<\/p>\n<p>UMT<\/p>\n<p>Anatom\u00eda Patol\u00f3gica<\/p>\n<p>[\/et_pb_toggle][\/et_pb_column_inner][\/et_pb_row_inner][\/et_pb_column][et_pb_column type=\u00bb1_4&#8243; _builder_version=\u00bb3.25&#8243; custom_padding=\u00bb|||\u00bb custom_padding__hover=\u00bb|||\u00bb][\/et_pb_column][\/et_pb_section]<\/p>\n","protected":false},"excerpt":{"rendered":"<p>[et_pb_section fb_built=\u00bb1&#8243; inner_shadow=\u00bbon\u00bb fullwidth=\u00bbon\u00bb admin_label=\u00bbsection\u00bb _builder_version=\u00bb3.22&#8243; background_color=\u00bb#2ea3f2&#8243;][et_pb_fullwidth_header title=\u00bbNuestras atenciones\u00bb content_max_width=\u00bbnone\u00bb admin_label=\u00bbFullwidth Header\u00bb _builder_version=\u00bb3.16&#8243; background_color=\u00bbrgba(255, 255, 255, 0)\u00bb button_one_letter_spacing_hover=\u00bb0&#8243; button_two_letter_spacing_hover=\u00bb0&#8243; button_one_text_size__hover_enabled=\u00bboff\u00bb button_two_text_size__hover_enabled=\u00bboff\u00bb button_one_text_color__hover_enabled=\u00bboff\u00bb button_two_text_color__hover_enabled=\u00bboff\u00bb button_one_border_width__hover_enabled=\u00bboff\u00bb button_two_border_width__hover_enabled=\u00bboff\u00bb button_one_border_color__hover_enabled=\u00bboff\u00bb button_two_border_color__hover_enabled=\u00bboff\u00bb button_one_border_radius__hover_enabled=\u00bboff\u00bb button_two_border_radius__hover_enabled=\u00bboff\u00bb button_one_letter_spacing__hover_enabled=\u00bbon\u00bb button_one_letter_spacing__hover=\u00bb0&#8243; button_two_letter_spacing__hover_enabled=\u00bbon\u00bb button_two_letter_spacing__hover=\u00bb0&#8243; button_one_bg_color__hover_enabled=\u00bboff\u00bb button_two_bg_color__hover_enabled=\u00bboff\u00bb][\/et_pb_fullwidth_header][\/et_pb_section][et_pb_section fb_built=\u00bb1&#8243; specialty=\u00bbon\u00bb admin_label=\u00bbsection\u00bb _builder_version=\u00bb3.22&#8243;][et_pb_column type=\u00bb3_4&#8243; specialty_columns=\u00bb3&#8243; _builder_version=\u00bb3.25&#8243; custom_padding=\u00bb|||\u00bb custom_padding__hover=\u00bb|||\u00bb][et_pb_row_inner column_structure=\u00bb1_2,1_2&#8243; admin_label=\u00bbrow_inner\u00bb _builder_version=\u00bb3.25&#8243;][et_pb_column_inner type=\u00bb1_2&#8243; saved_specialty_column_type=\u00bb3_4&#8243; _builder_version=\u00bb3.25&#8243; custom_padding=\u00bb|||\u00bb custom_padding__hover=\u00bb|||\u00bb][et_pb_text admin_label=\u00bbText\u00bb _builder_version=\u00bb3.27.4&#8243; background_size=\u00bbinitial\u00bb [&hellip;]<\/p>\n","protected":false},"author":6,"featured_media":0,"parent":0,"menu_order":0,"comment_status":"closed","ping_status":"closed","template":"","meta":{"_et_pb_use_builder":"on","_et_pb_old_content":"","_et_gb_content_width":""},"_links":{"self":[{"href":"http:\/\/www.hrrio.cl\/web2\/wp-json\/wp\/v2\/pages\/7335"}],"collection":[{"href":"http:\/\/www.hrrio.cl\/web2\/wp-json\/wp\/v2\/pages"}],"about":[{"href":"http:\/\/www.hrrio.cl\/web2\/wp-json\/wp\/v2\/types\/page"}],"author":[{"embeddable":true,"href":"http:\/\/www.hrrio.cl\/web2\/wp-json\/wp\/v2\/users\/6"}],"replies":[{"embeddable":true,"href":"http:\/\/www.hrrio.cl\/web2\/wp-json\/wp\/v2\/comments?post=7335"}],"version-history":[{"count":3,"href":"http:\/\/www.hrrio.cl\/web2\/wp-json\/wp\/v2\/pages\/7335\/revisions"}],"predecessor-version":[{"id":21291,"href":"http:\/\/www.hrrio.cl\/web2\/wp-json\/wp\/v2\/pages\/7335\/revisions\/21291"}],"wp:attachment":[{"href":"http:\/\/www.hrrio.cl\/web2\/wp-json\/wp\/v2\/media?parent=7335"}],"curies":[{"name":"wp","href":"https:\/\/api.w.org\/{rel}","templated":true}]}}