{"id":6734,"date":"2016-06-03T09:18:58","date_gmt":"2016-06-03T12:18:58","guid":{"rendered":"http:\/\/www.hrrio.cl\/web2\/?page_id=6734"},"modified":"2024-01-10T13:09:08","modified_gmt":"2024-01-10T16:09:08","slug":"unidad-asistencial-docente","status":"publish","type":"page","link":"http:\/\/www.hrrio.cl\/web2\/asi-nos-organizamos\/direccion\/unidad-asistencial-docente\/","title":{"rendered":"Unidad Asistencial Docente"},"content":{"rendered":"<p>[et_pb_section fb_built=\u00bb1&#8243; fullwidth=\u00bbon\u00bb custom_padding_last_edited=\u00bbon|desktop\u00bb admin_label=\u00bbsection\u00bb _builder_version=\u00bb3.22&#8243; background_color=\u00bb#ffffff\u00bb background_image=\u00bbhttp:\/\/www.hrrio.cl\/web2\/wp-content\/uploads\/2015\/07\/fondo-azul.jpg\u00bb parallax=\u00bbon\u00bb parallax_method=\u00bboff\u00bb custom_padding_tablet=\u00bb50px|0|50px|0&#8243; custom_padding_phone=\u00bb\u00bb transparent_background=\u00bboff\u00bb padding_mobile=\u00bboff\u00bb make_fullwidth=\u00bboff\u00bb use_custom_width=\u00bboff\u00bb width_unit=\u00bbon\u00bb][et_pb_fullwidth_header title=\u00bbUnidad Asistencial Docente\u00bb content_max_width=\u00bbnone\u00bb admin_label=\u00bbFullwidth Header (Nombre de la Unidad)\u00bb _builder_version=\u00bb3.16&#8243; background_color=\u00bbrgba(255, 255, 255, 0)\u00bb button_one_letter_spacing_hover=\u00bb0&#8243; button_two_letter_spacing_hover=\u00bb0&#8243; button_one_text_size__hover_enabled=\u00bboff\u00bb button_two_text_size__hover_enabled=\u00bboff\u00bb button_one_text_color__hover_enabled=\u00bboff\u00bb button_two_text_color__hover_enabled=\u00bboff\u00bb button_one_border_width__hover_enabled=\u00bboff\u00bb button_two_border_width__hover_enabled=\u00bboff\u00bb button_one_border_color__hover_enabled=\u00bboff\u00bb button_two_border_color__hover_enabled=\u00bboff\u00bb button_one_border_radius__hover_enabled=\u00bboff\u00bb button_two_border_radius__hover_enabled=\u00bboff\u00bb button_one_letter_spacing__hover_enabled=\u00bbon\u00bb button_one_letter_spacing__hover=\u00bb0&#8243; button_two_letter_spacing__hover_enabled=\u00bbon\u00bb button_two_letter_spacing__hover=\u00bb0&#8243; button_one_bg_color__hover_enabled=\u00bboff\u00bb button_two_bg_color__hover_enabled=\u00bboff\u00bb][\/et_pb_fullwidth_header][\/et_pb_section][et_pb_section fb_built=\u00bb1&#8243; admin_label=\u00bbsection\u00bb _builder_version=\u00bb3.22&#8243;][et_pb_row column_structure=\u00bb2_3,1_3&#8243; admin_label=\u00bbrow\u00bb _builder_version=\u00bb3.25&#8243; background_size=\u00bbinitial\u00bb background_position=\u00bbtop_left\u00bb background_repeat=\u00bbrepeat\u00bb][et_pb_column type=\u00bb2_3&#8243; _builder_version=\u00bb3.25&#8243; custom_padding=\u00bb|||\u00bb custom_padding__hover=\u00bb|||\u00bb][et_pb_text admin_label=\u00bbSubtitulo (Objetivos)\u00bb _builder_version=\u00bb3.27.4&#8243; background_image=\u00bbhttp:\/\/www.hrrio.cl\/web2\/wp-content\/uploads\/2015\/07\/fondo-naranjo.jpg\u00bb background_size=\u00bbinitial\u00bb background_position=\u00bbtop_left\u00bb background_repeat=\u00bbrepeat\u00bb background_layout=\u00bbdark\u00bb custom_padding=\u00bb20|20|20|20&#8243; use_border_color=\u00bboff\u00bb border_color=\u00bb#ffffff\u00bb border_style=\u00bbsolid\u00bb saved_tabs=\u00bball\u00bb]<\/p>\n<h2>OBJETIVOS<\/h2>\n<p>[\/et_pb_text][et_pb_text admin_label=\u00bbTexto\u00bb _builder_version=\u00bb3.27.4&#8243; background_size=\u00bbinitial\u00bb background_position=\u00bbtop_left\u00bb background_repeat=\u00bbrepeat\u00bb custom_margin=\u00bb|||20&#8243; use_border_color=\u00bboff\u00bb border_color=\u00bb#ffffff\u00bb border_style=\u00bbsolid\u00bb]<strong>Generales<\/strong><\/p>\n<blockquote><p>Regular y optimizar la utilizaci\u00f3n del Hospital como campo cl\u00ednico para alumnos de carreras t\u00e9cnicas y profesionales que el pa\u00eds requiere para las instituciones de Salud, generando alianzas estrat\u00e9gicas con entidades docentes que contribuyan al desarrollo de las\u00a0 instituciones\u00a0 asistenciales y docentes.<\/p><\/blockquote>\n<p>[\/et_pb_text][et_pb_text admin_label=\u00bbSubtitulo (Funciones)\u00bb _builder_version=\u00bb3.27.4&#8243; background_image=\u00bbhttp:\/\/www.hrrio.cl\/web2\/wp-content\/uploads\/2015\/07\/fondo-naranjo.jpg\u00bb background_size=\u00bbinitial\u00bb background_position=\u00bbtop_left\u00bb background_repeat=\u00bbrepeat\u00bb background_layout=\u00bbdark\u00bb custom_padding=\u00bb20|20|20|20&#8243; use_border_color=\u00bboff\u00bb border_color=\u00bb#ffffff\u00bb border_style=\u00bbsolid\u00bb saved_tabs=\u00bball\u00bb]<\/p>\n<h2>FUNCIONES<\/h2>\n<p>[\/et_pb_text][et_pb_text admin_label=\u00bbTexto\u00bb _builder_version=\u00bb3.27.4&#8243; background_size=\u00bbinitial\u00bb background_position=\u00bbtop_left\u00bb background_repeat=\u00bbrepeat\u00bb custom_margin=\u00bb|||20&#8243; use_border_color=\u00bboff\u00bb border_color=\u00bb#ffffff\u00bb border_style=\u00bbsolid\u00bb]<\/p>\n<div align=\"justify\">\n<ul>\n<li>Participar en la creaci\u00f3n, actualizaci\u00f3n y mantenci\u00f3n de convenios.<br \/>\nSupervisar el cumplimiento de los convenios asistenciales docentes ya establecidos respetando la normativa legal y\u00a0lineamientos ministeriales.<\/li>\n<li>Velar por el desarrollo mutuo de las instituciones, asistencial y docente.<\/li>\n<li>Integrar Comisi\u00f3n Local Asistencial Docente (COLDAS).<\/li>\n<li>Determinar la capacidad formadora del hospital considerando la seguridad de los pacientes.<\/li>\n<li>Evaluar las solicitudes de cupos del campo cl\u00ednico de las diversas instituciones en convenio.<\/li>\n<li>Gestionar solicitudes de rotaciones individuales o grupales que no est\u00e1n consideradas en los convenios. Ejemplo: Solicitud de profesional de hospital de provincia.<\/li>\n<li>Contar con documentaci\u00f3n formal respecto de requerimientos espec\u00edficos que se hacen en los convenios, como por ejemplo, referentes externos e internos de las rotaciones, Registro en superintendencia de los docentes externos, certificado de vacunaci\u00f3n hepatitis B de alumnos y docentes, procedimiento en caso de accidentes, Programas de carrearas y especialidades, etc.<\/li>\n<li>Establecer y monitorear la retribuci\u00f3n y\/o compensaci\u00f3n que el hospital percibe por el mayor gasto en docencia.<\/li>\n<li>Coordinar, en conjunto con Unidad de Capacitaci\u00f3n e instituciones docentes, actividades de desarrollo y perfeccionamiento para los funcionarios del hospital, seg\u00fan necesidades de la organizaci\u00f3n.<\/li>\n<li>Difundir a los funcionarios del hospital todas las instancias de perfeccionamiento que se encuentran disponibles como parte de la retribuci\u00f3n que el hospital recibe por docencia, incluyendo becas para hijos de funcionarios.<\/li>\n<\/ul>\n<\/div>\n<p>[\/et_pb_text][\/et_pb_column][et_pb_column type=\u00bb1_3&#8243; _builder_version=\u00bb3.25&#8243; custom_padding=\u00bb|||\u00bb custom_padding__hover=\u00bb|||\u00bb][et_pb_team_member name=\u00bbSra. Mariel Ubilla Mu\u00f1oz\u00bb icon_color=\u00bb#0c71c3&#8243; admin_label=\u00bbJefe de Unidad\u00bb _builder_version=\u00bb4.9.7&#8243; background_image=\u00bbhttp:\/\/www.hrrio.cl\/web2\/wp-content\/uploads\/2015\/07\/fondo-azul.jpg\u00bb background_size=\u00bbinitial\u00bb background_position=\u00bbtop_left\u00bb background_repeat=\u00bbrepeat\u00bb background_layout=\u00bbdark\u00bb custom_padding=\u00bb20|20|20|20&#8243; hover_enabled=\u00bb0&#8243; use_border_color=\u00bboff\u00bb border_color=\u00bb#ffffff\u00bb border_style=\u00bbsolid\u00bb position=\u00bbEnfermera\u00bb sticky_enabled=\u00bb0&#8243;]<\/p>\n<p>Encargada Unidad Asistencial Docente<\/p>\n<p>[\/et_pb_team_member][et_pb_toggle title=\u00bbNormativa Legal\u00bb open_toggle_background_color=\u00bb#ffffff\u00bb admin_label=\u00bbNormativa Legal \u00bb _builder_version=\u00bb3.0.87&#8243; background_size=\u00bbinitial\u00bb background_position=\u00bbtop_left\u00bb background_repeat=\u00bbrepeat\u00bb use_border_color=\u00bboff\u00bb border_color=\u00bb#ffffff\u00bb border_style=\u00bbsolid\u00bb]<a href=\"http:\/\/www.hrrio.cl\/web2\/wp-content\/uploads\/2016\/10\/0.Norma-254.-2012.-Rige-relacion-asistencial-docente-Minsal.pdf\">Norma 254\u00a0<\/a><\/p>\n<p><a href=\"http:\/\/www.hrrio.cl\/web2\/wp-content\/uploads\/2016\/10\/Res-Ex-462_27-03-13-aprueba-formato-tipo-Convenio-Asistencial-Docente.pdf\">Resoluci\u00f3n Convenio Asistencial Docente<\/a><\/p>\n<p><a href=\"http:\/\/www.hrrio.cl\/web2\/wp-content\/uploads\/2016\/10\/Estatuto_Administrativo.pdf\">Estatuto Administrativo<\/a><br \/>\n[\/et_pb_toggle][et_pb_toggle title=\u00bbConvenios\u00bb admin_label=\u00bbConvenios\u00bb _builder_version=\u00bb3.0.87&#8243; background_size=\u00bbinitial\u00bb background_position=\u00bbtop_left\u00bb background_repeat=\u00bbrepeat\u00bb use_border_color=\u00bboff\u00bb border_color=\u00bb#ffffff\u00bb border_style=\u00bbsolid\u00bb]<a href=\"http:\/\/www.hrrio.cl\/web2\/wp-content\/uploads\/2016\/08\/Convenio-Universidad-de-Chile-2010.pdf\"><strong>Universidad de Chile<\/strong><\/a><\/p>\n<p><a href=\"http:\/\/www.hrrio.cl\/web2\/wp-content\/uploads\/2017\/04\/Resoluci\u00f3n-855.-27-3-17.-Convenio-PUC.pdf\"><strong>Universidad Cat\u00f3lica de Chile<\/strong><\/a><\/p>\n<p><a href=\"http:\/\/www.hrrio.cl\/web2\/wp-content\/uploads\/2016\/08\/Convenio-ENAC.-2013..pdf\"><strong>ENAC<\/strong><\/a><\/p>\n<p><a href=\"http:\/\/www.hrrio.cl\/web2\/wp-content\/uploads\/2016\/08\/2010.-Convenio-USACH.-Modificaci\u00f3n.pdf\"><strong>Universidad de Santiago de Chile<\/strong><\/a><\/p>\n<p><a href=\"http:\/\/www.hrrio.cl\/web2\/wp-content\/uploads\/2016\/08\/CONVENIO-ASISTENCIAL-DOCENTE-CRISTO-VIVE-2013.pdf\"><strong>Fundaci\u00f3n Cristo Vive<\/strong><\/a><\/p>\n<p><a href=\"http:\/\/www.hrrio.cl\/web2\/wp-content\/uploads\/2017\/03\/convenio-docente-diego-portales.pdf\"><strong>Universidad Diego Portales<\/strong><\/a><\/p>\n<p><strong><a href=\"http:\/\/www.hrrio.cl\/web2\/wp-content\/uploads\/2017\/04\/Resoluci\u00f3n-856.-27-3-2017.-Convenio-U.-Mayor.pdf\">Universidad Mayor\u00a0<\/a><\/strong><\/p>\n<p><a href=\"http:\/\/www.hrrio.cl\/web2\/wp-content\/uploads\/2017\/04\/u-catolica-del-maule.pdf\"><strong>Universidad Cat\u00f3lica del Maule<\/strong><\/a><\/p>\n<p><a href=\"http:\/\/www.hrrio.cl\/web2\/wp-content\/uploads\/2017\/03\/Convenio-UST-Resol-664.-10-3-17.pdf\"><strong>Universidad Santo Tom\u00e1s<\/strong><\/a><\/p>\n<p><strong><a href=\"http:\/\/www.hrrio.cl\/web2\/wp-content\/uploads\/2017\/04\/Resol-881.-30-3-2017.-Convenio-UDD.pdf\">Universidad del Desarrollo<\/a><\/strong><br \/>\n[\/et_pb_toggle][et_pb_toggle title=\u00bbActividades Alumnos de Pregrado\u00bb admin_label=\u00bbActividades Alumnos de Pregrado\u00bb _builder_version=\u00bb3.0.87&#8243; background_size=\u00bbinitial\u00bb background_position=\u00bbtop_left\u00bb background_repeat=\u00bbrepeat\u00bb use_border_color=\u00bboff\u00bb border_color=\u00bb#ffffff\u00bb border_style=\u00bbsolid\u00bb]<a href=\"http:\/\/www.hrrio.cl\/web2\/wp-content\/uploads\/2017\/07\/DP-4.2-Actividades-y-procedimientos-autorizados-Alumnos-de-Pregrado-V02_2017.-Con-resoluci\u00f3n.pdf\">Actividades\u00a0autorizadas pregrado<\/a><br \/>\n[\/et_pb_toggle][et_pb_toggle title=\u00bbInducci\u00f3n Alumnos\u00bb admin_label=\u00bbInducci\u00f3n Alumnos\u00bb _builder_version=\u00bb3.0.87&#8243; background_size=\u00bbinitial\u00bb background_position=\u00bbtop_left\u00bb background_repeat=\u00bbrepeat\u00bb use_border_color=\u00bboff\u00bb border_color=\u00bb#ffffff\u00bb border_style=\u00bbsolid\u00bb]<a href=\"http:\/\/www.hrrio.cl\/web2\/wp-content\/uploads\/2016\/12\/Induccio%CC%81n-alumnos-y-docentes-2017.pdf\">Inducci\u00f3n Hospital Roberto del R\u00edo 2017<\/a><br \/>\n[\/et_pb_toggle][et_pb_toggle title=\u00bbCapacidad Formadora Hospital Roberto del R\u00edo\u00bb admin_label=\u00bbCapacidad Formadora Hospital Roberto del R\u00edo\u00bb _builder_version=\u00bb3.0.87&#8243; background_size=\u00bbinitial\u00bb background_position=\u00bbtop_left\u00bb background_repeat=\u00bbrepeat\u00bb use_border_color=\u00bboff\u00bb border_color=\u00bb#ffffff\u00bb border_style=\u00bbsolid\u00bb]<a href=\"http:\/\/www.hrrio.cl\/web2\/wp-content\/uploads\/2016\/08\/Capacidad-Formadora-Roberto-2016.pdf\">Capacidad Formadora 2016<\/a><br \/>\n[\/et_pb_toggle][et_pb_toggle title=\u00bbCursos\u00bb admin_label=\u00bbCursos\u00bb _builder_version=\u00bb3.0.87&#8243; background_size=\u00bbinitial\u00bb background_position=\u00bbtop_left\u00bb background_repeat=\u00bbrepeat\u00bb use_border_color=\u00bboff\u00bb border_color=\u00bb#ffffff\u00bb border_style=\u00bbsolid\u00bb]<a href=\"http:\/\/www.hrrio.cl\/web2\/wp-content\/uploads\/2016\/10\/5.Curso-Pr\u00e1ctico-Kinesiterapia-Intensiva.pdf\">Curso pr\u00e1ctico Entrenamiento cl\u00ednico avanzado en UPC pedi\u00e1trica para Kinesi\u00f3logos<\/a><\/p>\n<p><a href=\"http:\/\/www.hrrio.cl\/web2\/wp-content\/uploads\/2016\/08\/Curso-Pr\u00e1ctico-Urgencia-Dental-Infantil.pdf\">Curso Pr\u00e1ctico Urgencia Dental Infantil<\/a><\/p>\n<p><a href=\"http:\/\/URL http:\/\/www.hrrio.cl\/web2\/wp-content\/uploads\/2016\/09\/Curso-teo\u0301rico-pra\u0301ctico-Pruebas-de-Coagulacio\u0301n-2016.pdf T\u00edtulo curso-teorico-practico-pruebas-de-coagulacion-2016 Leyenda Descripci\u00f3n Subido porClaudia Soto\">Curso Te\u00f3rico Pr\u00e1ctico Pruebas de diagn\u00f3stico en Coagulopat\u00edas\u00a0<\/a><\/p>\n<p><a href=\"http:\/\/www.hrrio.cl\/web2\/wp-content\/uploads\/2016\/09\/Curso-Pr\u00e1ctico-Ortodoncia-Paciente-Fisurado.pdf\">Curso Pr\u00e1ctico Ortodoncia Paciente Fisurado<\/a><\/p>\n<p><a href=\"http:\/\/www.hrrio.cl\/web2\/wp-content\/uploads\/2017\/01\/6.Curso-Pr\u00e1ctico-Kinesiterapia-pedi\u00e1trica-2017.pdf\">Curso Pr\u00e1ctico Kinesiterapia Pedi\u00e1trica<\/a><br \/>\n[\/et_pb_toggle][et_pb_toggle title=\u00bbBiblioteca\u00bb admin_label=\u00bbBiblioteca\u00bb _builder_version=\u00bb3.0.87&#8243; background_size=\u00bbinitial\u00bb background_position=\u00bbtop_left\u00bb background_repeat=\u00bbrepeat\u00bb use_border_color=\u00bboff\u00bb border_color=\u00bb#ffffff\u00bb border_style=\u00bbsolid\u00bb]<a href=\"http:\/\/www.hrrio.cl\/biblioteca\/\">P\u00e1gina Web Biblioteca<\/a><br \/>\n[\/et_pb_toggle][\/et_pb_column][\/et_pb_row][\/et_pb_section][et_pb_section fb_built=\u00bb1&#8243; custom_padding_last_edited=\u00bbon|desktop\u00bb admin_label=\u00bbsection\u00bb _builder_version=\u00bb3.22&#8243; background_image=\u00bbhttp:\/\/www.hrrio.cl\/web2\/wp-content\/uploads\/2015\/07\/cuadrado-celeste.jpg\u00bb custom_padding_tablet=\u00bb50px|0|50px|0&#8243; custom_padding_phone=\u00bb\u00bb transparent_background=\u00bboff\u00bb padding_mobile=\u00bboff\u00bb make_fullwidth=\u00bboff\u00bb use_custom_width=\u00bboff\u00bb width_unit=\u00bbon\u00bb][et_pb_row column_structure=\u00bb1_3,1_3,1_3&#8243; admin_label=\u00bbrow\u00bb _builder_version=\u00bb3.25&#8243; background_size=\u00bbinitial\u00bb background_position=\u00bbtop_left\u00bb background_repeat=\u00bbrepeat\u00bb][et_pb_column type=\u00bb1_3&#8243; _builder_version=\u00bb3.25&#8243; custom_padding=\u00bb|||\u00bb custom_padding__hover=\u00bb|||\u00bb][et_pb_blurb title=\u00bbHorarios de atenci\u00f3n\u00bb use_icon=\u00bbon\u00bb font_icon=\u00bb%%92%%\u00bb icon_color=\u00bb#ffffff\u00bb use_circle=\u00bbon\u00bb circle_color=\u00bb#d78c33&#8243; icon_placement=\u00bbleft\u00bb use_icon_font_size=\u00bbon\u00bb icon_font_size=\u00bb30&#8243; admin_label=\u00bbAnuncio (Horarios)\u00bb _builder_version=\u00bb3.0.87&#8243; background_size=\u00bbinitial\u00bb background_position=\u00bbtop_left\u00bb background_repeat=\u00bbrepeat\u00bb text_orientation=\u00bbjustified\u00bb background_layout=\u00bbdark\u00bb animation=\u00bboff\u00bb use_border_color=\u00bboff\u00bb border_color=\u00bb#ffffff\u00bb border_style=\u00bbsolid\u00bb]&nbsp;<\/p>\n<p><strong>Lunes a Jueves: <\/strong>08:00 a 17:00 hrs.<\/p>\n<p><strong>Viernes: <\/strong>08:00 a 16:00 hrs.<br \/>\n[\/et_pb_blurb][\/et_pb_column][et_pb_column type=\u00bb1_3&#8243; _builder_version=\u00bb3.25&#8243; custom_padding=\u00bb|||\u00bb custom_padding__hover=\u00bb|||\u00bb][et_pb_blurb title=\u00bbContacto\u00bb use_icon=\u00bbon\u00bb font_icon=\u00bb%%109%%\u00bb icon_color=\u00bb#ffffff\u00bb use_circle=\u00bbon\u00bb circle_color=\u00bb#d78c33&#8243; icon_placement=\u00bbleft\u00bb use_icon_font_size=\u00bbon\u00bb icon_font_size=\u00bb30&#8243; admin_label=\u00bbAnuncio (Contacto)\u00bb _builder_version=\u00bb3.0.87&#8243; background_size=\u00bbinitial\u00bb background_position=\u00bbtop_left\u00bb background_repeat=\u00bbrepeat\u00bb text_orientation=\u00bbjustified\u00bb background_layout=\u00bbdark\u00bb animation=\u00bboff\u00bb use_border_color=\u00bboff\u00bb border_color=\u00bb#ffffff\u00bb border_style=\u00bbsolid\u00bb]&nbsp;<\/p>\n<p><strong>Dra. Catalina Mihovilovic<br \/>\n<\/strong>(02) 2575 83 46<br \/>\ncatalina.mihovilovic@redsalud.gov.cl<\/p>\n<p>&nbsp;<br \/>\n[\/et_pb_blurb][\/et_pb_column][et_pb_column type=\u00bb1_3&#8243; _builder_version=\u00bb3.25&#8243; custom_padding=\u00bb|||\u00bb custom_padding__hover=\u00bb|||\u00bb][et_pb_blurb title=\u00bbUbicaci\u00f3n\u00bb use_icon=\u00bbon\u00bb font_icon=\u00bb%%122%%\u00bb icon_color=\u00bb#ffffff\u00bb use_circle=\u00bbon\u00bb circle_color=\u00bb#d78c33&#8243; icon_placement=\u00bbleft\u00bb use_icon_font_size=\u00bbon\u00bb icon_font_size=\u00bb30&#8243; admin_label=\u00bbAnuncio (Ubicaci\u00f3n)\u00bb _builder_version=\u00bb3.0.87&#8243; background_size=\u00bbinitial\u00bb background_position=\u00bbtop_left\u00bb background_repeat=\u00bbrepeat\u00bb text_orientation=\u00bbjustified\u00bb background_layout=\u00bbdark\u00bb animation=\u00bboff\u00bb use_border_color=\u00bboff\u00bb border_color=\u00bb#ffffff\u00bb border_style=\u00bbsolid\u00bb]&nbsp;<\/p>\n<p>Container,\u00a0sector Direcci\u00f3n.<br \/>\nPrimer piso<\/p>\n<p>&nbsp;<br \/>\n[\/et_pb_blurb][\/et_pb_column][\/et_pb_row][\/et_pb_section]<\/p>\n","protected":false},"excerpt":{"rendered":"<p>[et_pb_section fb_built=\u00bb1&#8243; fullwidth=\u00bbon\u00bb custom_padding_last_edited=\u00bbon|desktop\u00bb admin_label=\u00bbsection\u00bb _builder_version=\u00bb3.22&#8243; background_color=\u00bb#ffffff\u00bb background_image=\u00bbhttp:\/\/www.hrrio.cl\/web2\/wp-content\/uploads\/2015\/07\/fondo-azul.jpg\u00bb parallax=\u00bbon\u00bb parallax_method=\u00bboff\u00bb custom_padding_tablet=\u00bb50px|0|50px|0&#8243; custom_padding_phone=\u00bb\u00bb transparent_background=\u00bboff\u00bb padding_mobile=\u00bboff\u00bb make_fullwidth=\u00bboff\u00bb use_custom_width=\u00bboff\u00bb width_unit=\u00bbon\u00bb][et_pb_fullwidth_header title=\u00bbUnidad Asistencial Docente\u00bb content_max_width=\u00bbnone\u00bb admin_label=\u00bbFullwidth Header (Nombre de la Unidad)\u00bb _builder_version=\u00bb3.16&#8243; background_color=\u00bbrgba(255, 255, 255, 0)\u00bb button_one_letter_spacing_hover=\u00bb0&#8243; button_two_letter_spacing_hover=\u00bb0&#8243; button_one_text_size__hover_enabled=\u00bboff\u00bb button_two_text_size__hover_enabled=\u00bboff\u00bb button_one_text_color__hover_enabled=\u00bboff\u00bb button_two_text_color__hover_enabled=\u00bboff\u00bb button_one_border_width__hover_enabled=\u00bboff\u00bb button_two_border_width__hover_enabled=\u00bboff\u00bb button_one_border_color__hover_enabled=\u00bboff\u00bb button_two_border_color__hover_enabled=\u00bboff\u00bb button_one_border_radius__hover_enabled=\u00bboff\u00bb button_two_border_radius__hover_enabled=\u00bboff\u00bb button_one_letter_spacing__hover_enabled=\u00bbon\u00bb button_one_letter_spacing__hover=\u00bb0&#8243; button_two_letter_spacing__hover_enabled=\u00bbon\u00bb button_two_letter_spacing__hover=\u00bb0&#8243; button_one_bg_color__hover_enabled=\u00bboff\u00bb button_two_bg_color__hover_enabled=\u00bboff\u00bb][\/et_pb_fullwidth_header][\/et_pb_section][et_pb_section fb_built=\u00bb1&#8243; admin_label=\u00bbsection\u00bb _builder_version=\u00bb3.22&#8243;][et_pb_row column_structure=\u00bb2_3,1_3&#8243; admin_label=\u00bbrow\u00bb [&hellip;]<\/p>\n","protected":false},"author":6,"featured_media":0,"parent":757,"menu_order":0,"comment_status":"closed","ping_status":"closed","template":"","meta":{"_et_pb_use_builder":"on","_et_pb_old_content":"","_et_gb_content_width":""},"_links":{"self":[{"href":"http:\/\/www.hrrio.cl\/web2\/wp-json\/wp\/v2\/pages\/6734"}],"collection":[{"href":"http:\/\/www.hrrio.cl\/web2\/wp-json\/wp\/v2\/pages"}],"about":[{"href":"http:\/\/www.hrrio.cl\/web2\/wp-json\/wp\/v2\/types\/page"}],"author":[{"embeddable":true,"href":"http:\/\/www.hrrio.cl\/web2\/wp-json\/wp\/v2\/users\/6"}],"replies":[{"embeddable":true,"href":"http:\/\/www.hrrio.cl\/web2\/wp-json\/wp\/v2\/comments?post=6734"}],"version-history":[{"count":1,"href":"http:\/\/www.hrrio.cl\/web2\/wp-json\/wp\/v2\/pages\/6734\/revisions"}],"predecessor-version":[{"id":19713,"href":"http:\/\/www.hrrio.cl\/web2\/wp-json\/wp\/v2\/pages\/6734\/revisions\/19713"}],"up":[{"embeddable":true,"href":"http:\/\/www.hrrio.cl\/web2\/wp-json\/wp\/v2\/pages\/757"}],"wp:attachment":[{"href":"http:\/\/www.hrrio.cl\/web2\/wp-json\/wp\/v2\/media?parent=6734"}],"curies":[{"name":"wp","href":"https:\/\/api.w.org\/{rel}","templated":true}]}}