{"id":4629,"date":"2015-08-17T12:15:59","date_gmt":"2015-08-17T15:15:59","guid":{"rendered":"http:\/\/www.hrrio.cl\/web2\/?page_id=4629"},"modified":"2026-04-24T15:14:03","modified_gmt":"2026-04-24T18:14:03","slug":"e-learning-iih-profesionales","status":"publish","type":"page","link":"http:\/\/www.hrrio.cl\/web2\/e-learning-iih-profesionales\/","title":{"rendered":"E-Learning IIH &#8211; Profesionales"},"content":{"rendered":"<p>[et_pb_section fb_built=\u00bb1&#8243; fullwidth=\u00bbon\u00bb custom_padding_last_edited=\u00bbon|desktop\u00bb admin_label=\u00bbsection\u00bb _builder_version=\u00bb3.22&#8243; background_color=\u00bb#ffffff\u00bb background_image=\u00bbhttp:\/\/www.hrrio.cl\/web2\/wp-content\/uploads\/2015\/07\/fondo-azul.jpg\u00bb parallax=\u00bbon\u00bb parallax_method=\u00bboff\u00bb custom_padding_tablet=\u00bb50px|0|50px|0&#8243; custom_padding_phone=\u00bb\u00bb transparent_background=\u00bboff\u00bb padding_mobile=\u00bboff\u00bb make_fullwidth=\u00bboff\u00bb use_custom_width=\u00bboff\u00bb width_unit=\u00bbon\u00bb][et_pb_fullwidth_header title=\u00bbE-Learning prevenci\u00f3n IAAS (Profesionales)\u00bb content_max_width=\u00bbnone\u00bb admin_label=\u00bbFullwidth Header (Nombre de la Unidad)\u00bb _builder_version=\u00bb3.16&#8243; background_color=\u00bbrgba(255, 255, 255, 0)\u00bb button_one_letter_spacing_hover=\u00bb0&#8243; button_two_letter_spacing_hover=\u00bb0&#8243; button_one_text_size__hover_enabled=\u00bboff\u00bb button_two_text_size__hover_enabled=\u00bboff\u00bb button_one_text_color__hover_enabled=\u00bboff\u00bb button_two_text_color__hover_enabled=\u00bboff\u00bb button_one_border_width__hover_enabled=\u00bboff\u00bb button_two_border_width__hover_enabled=\u00bboff\u00bb button_one_border_color__hover_enabled=\u00bboff\u00bb button_two_border_color__hover_enabled=\u00bboff\u00bb button_one_border_radius__hover_enabled=\u00bboff\u00bb button_two_border_radius__hover_enabled=\u00bboff\u00bb button_one_letter_spacing__hover_enabled=\u00bbon\u00bb button_one_letter_spacing__hover=\u00bb0&#8243; button_two_letter_spacing__hover_enabled=\u00bbon\u00bb button_two_letter_spacing__hover=\u00bb0&#8243; button_one_bg_color__hover_enabled=\u00bboff\u00bb button_two_bg_color__hover_enabled=\u00bboff\u00bb] [\/et_pb_fullwidth_header][\/et_pb_section][et_pb_section fb_built=\u00bb1&#8243; specialty=\u00bbon\u00bb admin_label=\u00bbsection\u00bb _builder_version=\u00bb3.22&#8243;][et_pb_column type=\u00bb2_3&#8243; specialty_columns=\u00bb2&#8243; _builder_version=\u00bb3.25&#8243; custom_padding=\u00bb|||\u00bb custom_padding__hover=\u00bb|||\u00bb][et_pb_row_inner padding_mobile=\u00bboff\u00bb admin_label=\u00bbrow_inner\u00bb _builder_version=\u00bb3.25&#8243; custom_css_main_element=\u00bbcolor:#fff\u00bb][et_pb_column_inner saved_specialty_column_type=\u00bb2_3&#8243; _builder_version=\u00bb3.25&#8243; background_image=\u00bbhttp:\/\/www.hrrio.cl\/web2\/wp-content\/uploads\/2015\/07\/cuadrado-celeste.jpg\u00bb custom_padding=\u00bb20|20|20|20&#8243; custom_padding__hover=\u00bb|||\u00bb][et_pb_text admin_label=\u00bbTexto\u00bb _builder_version=\u00bb3.27.4&#8243; background_size=\u00bbinitial\u00bb background_position=\u00bbtop_left\u00bb background_repeat=\u00bbrepeat\u00bb use_border_color=\u00bboff\u00bb border_color=\u00bb#ffffff\u00bb border_style=\u00bbsolid\u00bb]<\/p>\n<p>Bienvenido a esta nueva instancia de capacitaci\u00f3n, organizada por el <strong>Comit\u00e9 de Control y Prevenci\u00f3n \u00a0Infecciones Asociadas a la Atenci\u00f3n en Salud (IAAS)\u00a0<\/strong>del Hospital de Ni\u00f1os Dr. Roberto del R\u00edo.<\/p>\n<p>Deseamos compartir con usted, nuestro conocimiento y experiencia en prevenci\u00f3n y control de infecciones para que los pueda incorporar como herramienta fundamental en el desarrollo de sus actividades laborales.<\/p>\n<p>Recomendamos mantener una disciplina de estudio y revisar los hiperv\u00ednculos, pues, en ellos damos a conocer algunas normas del hospital recientemente actualizadas.<strong> <\/strong><\/p>\n<p><strong>Este curso es obligatorio para todo funcionario que trabaja en el \u00e1mbito cl\u00ednico y para aquellos que tienen contacto directo con los pacientes.<\/strong><\/p>\n<p>La evaluaci\u00f3n<strong> es presencial. Para rendir la prueba usted debe coordinar la fecha y hora con EU Paulina Cifuentes<\/strong> anexo 258077, correo paulina.cifuentes@redsalud.gob.cl o solicitando personalmente la hora en la oficina de IAAS. \u00a0Esta instancia de capacitaci\u00f3n es certificada, y para aprobar este curso se debe obtener una nota mayor a 5,0.<\/p>\n<p>Las dudas y consultas tambi\u00e9n pueden hacerlas a nuestros correos electr\u00f3nicos, las responderemos oportunamente.<\/p>\n<p>Le saludan atentamente,<\/p>\n<p><strong>Comit\u00e9 de Control y Prevenci\u00f3n de IAAS.<\/strong><\/p>\n<p>[\/et_pb_text][\/et_pb_column_inner][\/et_pb_row_inner][et_pb_row_inner column_structure=\u00bb1_2,1_2&#8243; admin_label=\u00bbrow_inner\u00bb _builder_version=\u00bb3.25&#8243;][et_pb_column_inner type=\u00bb1_2&#8243; saved_specialty_column_type=\u00bb2_3&#8243; _builder_version=\u00bb3.25&#8243; custom_padding=\u00bb|||\u00bb custom_padding__hover=\u00bb|||\u00bb][et_pb_text admin_label=\u00bbTexto\u00bb _builder_version=\u00bb4.9.7&#8243; background_size=\u00bbinitial\u00bb background_position=\u00bbtop_left\u00bb background_repeat=\u00bbrepeat\u00bb text_orientation=\u00bbcenter\u00bb module_alignment=\u00bbcenter\u00bb use_border_color=\u00bboff\u00bb border_color=\u00bb#ffffff\u00bb border_style=\u00bbsolid\u00bb]<\/p>\n<p><strong>Dra. Fernanda Cofr\u00e9<\/strong><br \/>fernanda.cofre@redsalud.gob.cl<\/p>\n<p>[\/et_pb_text][et_pb_text admin_label=\u00bbTexto\u00bb _builder_version=\u00bb4.9.7&#8243; background_size=\u00bbinitial\u00bb background_position=\u00bbtop_left\u00bb background_repeat=\u00bbrepeat\u00bb text_orientation=\u00bbcenter\u00bb module_alignment=\u00bbcenter\u00bb use_border_color=\u00bboff\u00bb border_color=\u00bb#ffffff\u00bb border_style=\u00bbsolid\u00bb]<\/p>\n<p><strong>Dra.\u00a0Dona Benadof<\/strong><br \/>dona.benadof@redsalud.gob.cl<\/p>\n<p>[\/et_pb_text][\/et_pb_column_inner][et_pb_column_inner type=\u00bb1_2&#8243; saved_specialty_column_type=\u00bb2_3&#8243; _builder_version=\u00bb3.25&#8243; custom_padding=\u00bb|||\u00bb custom_padding__hover=\u00bb|||\u00bb][et_pb_text admin_label=\u00bbTexto\u00bb _builder_version=\u00bb4.9.7&#8243; background_size=\u00bbinitial\u00bb background_position=\u00bbtop_left\u00bb background_repeat=\u00bbrepeat\u00bb text_orientation=\u00bbcenter\u00bb module_alignment=\u00bbcenter\u00bb use_border_color=\u00bboff\u00bb border_color=\u00bb#ffffff\u00bb border_style=\u00bbsolid\u00bb]<\/p>\n<p><strong>Eu. Paulina Cifuentes<\/strong><br \/>paulina.cifuentes@redsalud.gob.cl<\/p>\n<p>[\/et_pb_text][et_pb_text admin_label=\u00bbTexto\u00bb _builder_version=\u00bb3.27.4&#8243; background_size=\u00bbinitial\u00bb background_position=\u00bbtop_left\u00bb background_repeat=\u00bbrepeat\u00bb text_orientation=\u00bbcenter\u00bb module_alignment=\u00bbcenter\u00bb use_border_color=\u00bboff\u00bb border_color=\u00bb#ffffff\u00bb border_style=\u00bbsolid\u00bb]<\/p>\n<p><strong>Atenci\u00f3n en Oficina de IAAS<\/strong><br \/>Primer Piso,Oficina A10<\/p>\n<p>[\/et_pb_text][\/et_pb_column_inner][\/et_pb_row_inner][\/et_pb_column][et_pb_column type=\u00bb1_3&#8243; _builder_version=\u00bb3.25&#8243; custom_padding=\u00bb|||\u00bb custom_padding__hover=\u00bb|||\u00bb][et_pb_text admin_label=\u00bbSubtitulo (Interior, fondo naranjo)\u00bb _builder_version=\u00bb3.27.4&#8243; background_image=\u00bbhttp:\/\/www.hrrio.cl\/web2\/wp-content\/uploads\/2015\/07\/fondo-naranjo.jpg\u00bb background_size=\u00bbinitial\u00bb background_position=\u00bbtop_left\u00bb background_repeat=\u00bbrepeat\u00bb background_layout=\u00bbdark\u00bb width=\u00bb90.4%\u00bb custom_margin=\u00bb|55px||||\u00bb custom_padding=\u00bb20|20|20|20&#8243; use_border_color=\u00bboff\u00bb border_color=\u00bb#ffffff\u00bb border_style=\u00bbsolid\u00bb saved_tabs=\u00bball\u00bb]<\/p>\n<h2>CONTENIDOS<\/h2>\n<p>[\/et_pb_text][et_pb_text admin_label=\u00bbTexto\u00bb _builder_version=\u00bb4.9.7&#8243; background_size=\u00bbinitial\u00bb background_position=\u00bbtop_left\u00bb background_repeat=\u00bbrepeat\u00bb link_option_url_new_window=\u00bbon\u00bb hover_enabled=\u00bb0&#8243; use_border_color=\u00bboff\u00bb border_color=\u00bb#ffffff\u00bb border_style=\u00bbsolid\u00bb sticky_enabled=\u00bb0&#8243;]<\/p>\n<ul>\n<li><a href=\"http:\/\/www.hrrio.cl\/web2\/wp-content\/uploads\/2024\/05\/1-Programa-curso-IAAS-2024-Profesionales.pdf\" target=\"_blank\" rel=\"noopener\">Programa Curso IAAS 2024<\/a><\/li>\n<li><a href=\"http:\/\/www.hrrio.cl\/web2\/wp-content\/uploads\/2024\/05\/2-Generalidades-IAAS.pdf\" target=\"_blank\" rel=\"noopener\">Generalidades IAAS<\/a><\/li>\n<li><a href=\"https:\/\/www.hrrio.cl\/web2\/wp-content\/uploads\/2025\/11\/PPT-PRECAUCIONES-ESTANDAR-Y-ADICIONALES-MANEJO.pdf\" target=\"_blank\" rel=\"noopener\">Precauciones estandar y adicionales<\/a><\/li>\n<li><a href=\"http:\/\/www.hrrio.cl\/web2\/wp-content\/uploads\/2024\/05\/4-Utilizacion-de-material-esteril.pdf\" target=\"_blank\" rel=\"noopener\">Utilizaci\u00f3n de material esteril<\/a><\/li>\n<li><a href=\"http:\/\/www.hrrio.cl\/web2\/wp-content\/uploads\/2024\/05\/5-Prevencion-ITS-asociada-a-CVC.pdf\" target=\"_blank\" rel=\"noopener\">Prevenci\u00f3n ITS asociada a CVC<\/a><\/li>\n<li><a href=\"http:\/\/www.hrrio.cl\/web2\/wp-content\/uploads\/2024\/05\/6-Prevencion-Infeccion-asociada-a-sitio-quirurgico.pdf\" target=\"_blank\" rel=\"noopener\">Prevenci\u00f3n Infecci\u00f3n asociada a sitio quirurgico<\/a><\/li>\n<li><a href=\"http:\/\/www.hrrio.cl\/web2\/wp-content\/uploads\/2024\/05\/7-Prevencion-ITU-asociada-a-CUP.pdf\" target=\"_blank\" rel=\"noopener\">Prevenci\u00f3n ITU asociada a CUP<\/a><\/li>\n<li><a href=\"http:\/\/www.hrrio.cl\/web2\/wp-content\/uploads\/2024\/05\/8-Prevencionde-infecciones-respiratorias.pdf\" target=\"_blank\" rel=\"noopener\">Prevenci\u00f3n de infecciones respiratorias<\/a><\/li>\n<li><a href=\"http:\/\/www.hrrio.cl\/web2\/wp-content\/uploads\/2024\/05\/9-Como-tomar-muestras-para-hacer-un-buen-diagnostico.pdf\" target=\"_blank\" rel=\"noopener\">Como tomar muestras para hacer un buen diagnostico<\/a><\/li>\n<li><a href=\"http:\/\/www.hrrio.cl\/web2\/wp-content\/uploads\/2024\/05\/10-Prevencion-de-MOMR-y-ARAISP.pdf\" target=\"_blank\" rel=\"noopener\">Prevenci\u00f3n de MOMR y ARAISP<\/a><\/li>\n<li><a href=\"http:\/\/www.hrrio.cl\/web2\/wp-content\/uploads\/2024\/05\/11-Antisepticos.pdf\" target=\"_blank\" rel=\"noopener\">Antisepticos<\/a><\/li>\n<li><a href=\"http:\/\/www.hrrio.cl\/web2\/wp-content\/uploads\/2024\/05\/12-Tecnica-Aseptica.pdf\" target=\"_blank\" rel=\"noopener\">T\u00e9cnica As\u00e9ptica<\/a><\/li>\n<li><a href=\"http:\/\/www.hrrio.cl\/web2\/wp-content\/uploads\/2024\/05\/13-Brote-epidemico.pdf\" target=\"_blank\" rel=\"noopener\">Brote epid\u00e9mico<\/a><\/li>\n<li><a href=\"http:\/\/www.hrrio.cl\/web2\/wp-content\/uploads\/2026\/04\/Exposicion-laboral-curso-IAAS-HRRio-002.pdf\">Exposici\u00f3n Laboral<\/a><\/li>\n<li><a href=\"http:\/\/www.hrrio.cl\/web2\/wp-content\/uploads\/2024\/05\/Lista-contenidos-Curso-Prevencion-de-IAAS-Profesionales.pdf\" target=\"_blank\" rel=\"noopener\">Lista contenidos Curso Prevenci\u00f3n de IAAS Profesionales<\/a><\/li>\n<\/ul>\n<p>[\/et_pb_text][et_pb_text admin_label=\u00bbSubtitulo (Interior, fondo naranjo)\u00bb _builder_version=\u00bb4.9.7&#8243; background_image=\u00bbhttp:\/\/www.hrrio.cl\/web2\/wp-content\/uploads\/2015\/07\/fondo-naranjo.jpg\u00bb background_size=\u00bbinitial\u00bb background_position=\u00bbtop_left\u00bb background_repeat=\u00bbrepeat\u00bb background_layout=\u00bbdark\u00bb width=\u00bb90.4%\u00bb custom_margin=\u00bb|55px||||\u00bb custom_padding=\u00bb20|20|20|20&#8243; use_border_color=\u00bboff\u00bb border_color=\u00bb#ffffff\u00bb border_style=\u00bbsolid\u00bb saved_tabs=\u00bball\u00bb]<\/p>\n<h2>ANEXOS<\/h2>\n<p>[\/et_pb_text][et_pb_text admin_label=\u00bbTexto\u00bb _builder_version=\u00bb4.9.7&#8243; background_size=\u00bbinitial\u00bb background_position=\u00bbtop_left\u00bb background_repeat=\u00bbrepeat\u00bb link_option_url_new_window=\u00bbon\u00bb use_border_color=\u00bboff\u00bb border_color=\u00bb#ffffff\u00bb border_style=\u00bbsolid\u00bb]<\/p>\n<ul>\n<li><a href=\"http:\/\/www.hrrio.cl\/web2\/wp-content\/uploads\/2024\/05\/0006-CIRCULAR-RECOMENDACIONES-SOBRE-LIMPIEZA-Y-DESINFECCION-DE-SUPERFICIES_1_11zon.pdf\" target=\"_blank\" rel=\"noopener\">0006-CIRCULAR-RECOMENDACIONES-SOBRE-LIMPIEZA-Y-DESINFECCION-DE-SUPERFICIES_1_11zon<\/a><\/li>\n<li><a href=\"http:\/\/www.hrrio.cl\/web2\/wp-content\/uploads\/2024\/05\/17-CIRCULAR-MEDIDAS-DE-PREVENCION-Y-CONTROL-DE-INFECCIONES-ASOCIADAS-A-LA-ATENCION-DE-SALUD-CONTEXTO-TERMINO-DE-ALERTA_3_11zon.pdf\">17 CIRCULAR MEDIDAS DE PREVENCION Y CONTROL DE INFECCIONES ASOCIADAS A LA ATENCION DE SALUD CONTEXTO TERMINO DE ALERTA_3_11zon<\/a><\/li>\n<li><a href=\"http:\/\/www.hrrio.cl\/web2\/wp-content\/uploads\/2024\/05\/Exento-16-de-2019-Modifica-NT-175-Vigilancia-Nacional-de-Resistencia-a-los-Antimicrobianos-en-Agentes-que-pueden-producir-IAAS_5_11zon.pdf\">Exento-16-de-2019-Modifica-NT-175-Vigilancia-Nacional-de-Resistencia-a-los-Antimicrobianos-en-Agentes-que-pueden-producir-IAAS_5_11zon<\/a><\/li>\n<li><a href=\"http:\/\/www.hrrio.cl\/web2\/wp-content\/uploads\/2024\/05\/Exento-No894-de-julio-2017-Aprueba-NT190-sobre-Prevencion-de-Infeccion-de-Herida-operatoria_6.pdf\" target=\"_blank\" rel=\"noopener\">Exento-N\u00ba894-de-julio-2017-Aprueba-NT190-sobre-Prevenci\u00f3n-de-Infecci\u00f3n-de-Herida-operatoria_6Utilizaci\u00f3n de material esteril<\/a><\/li>\n<\/ul>\n<p>[\/et_pb_text][\/et_pb_column][\/et_pb_section]<\/p>\n","protected":false},"excerpt":{"rendered":"<p>[et_pb_section fb_built=\u00bb1&#8243; fullwidth=\u00bbon\u00bb custom_padding_last_edited=\u00bbon|desktop\u00bb admin_label=\u00bbsection\u00bb _builder_version=\u00bb3.22&#8243; background_color=\u00bb#ffffff\u00bb background_image=\u00bbhttp:\/\/www.hrrio.cl\/web2\/wp-content\/uploads\/2015\/07\/fondo-azul.jpg\u00bb parallax=\u00bbon\u00bb parallax_method=\u00bboff\u00bb custom_padding_tablet=\u00bb50px|0|50px|0&#8243; custom_padding_phone=\u00bb\u00bb transparent_background=\u00bboff\u00bb padding_mobile=\u00bboff\u00bb make_fullwidth=\u00bboff\u00bb use_custom_width=\u00bboff\u00bb width_unit=\u00bbon\u00bb][et_pb_fullwidth_header title=\u00bbE-Learning prevenci\u00f3n IAAS (Profesionales)\u00bb content_max_width=\u00bbnone\u00bb admin_label=\u00bbFullwidth Header (Nombre de la Unidad)\u00bb _builder_version=\u00bb3.16&#8243; background_color=\u00bbrgba(255, 255, 255, 0)\u00bb button_one_letter_spacing_hover=\u00bb0&#8243; button_two_letter_spacing_hover=\u00bb0&#8243; button_one_text_size__hover_enabled=\u00bboff\u00bb button_two_text_size__hover_enabled=\u00bboff\u00bb button_one_text_color__hover_enabled=\u00bboff\u00bb button_two_text_color__hover_enabled=\u00bboff\u00bb button_one_border_width__hover_enabled=\u00bboff\u00bb button_two_border_width__hover_enabled=\u00bboff\u00bb button_one_border_color__hover_enabled=\u00bboff\u00bb button_two_border_color__hover_enabled=\u00bboff\u00bb button_one_border_radius__hover_enabled=\u00bboff\u00bb button_two_border_radius__hover_enabled=\u00bboff\u00bb button_one_letter_spacing__hover_enabled=\u00bbon\u00bb button_one_letter_spacing__hover=\u00bb0&#8243; button_two_letter_spacing__hover_enabled=\u00bbon\u00bb button_two_letter_spacing__hover=\u00bb0&#8243; button_one_bg_color__hover_enabled=\u00bboff\u00bb button_two_bg_color__hover_enabled=\u00bboff\u00bb] [\/et_pb_fullwidth_header][\/et_pb_section][et_pb_section fb_built=\u00bb1&#8243; specialty=\u00bbon\u00bb admin_label=\u00bbsection\u00bb [&hellip;]<\/p>\n","protected":false},"author":1,"featured_media":0,"parent":0,"menu_order":0,"comment_status":"closed","ping_status":"open","template":"","meta":{"_et_pb_use_builder":"on","_et_pb_old_content":"","_et_gb_content_width":""},"_links":{"self":[{"href":"http:\/\/www.hrrio.cl\/web2\/wp-json\/wp\/v2\/pages\/4629"}],"collection":[{"href":"http:\/\/www.hrrio.cl\/web2\/wp-json\/wp\/v2\/pages"}],"about":[{"href":"http:\/\/www.hrrio.cl\/web2\/wp-json\/wp\/v2\/types\/page"}],"author":[{"embeddable":true,"href":"http:\/\/www.hrrio.cl\/web2\/wp-json\/wp\/v2\/users\/1"}],"replies":[{"embeddable":true,"href":"http:\/\/www.hrrio.cl\/web2\/wp-json\/wp\/v2\/comments?post=4629"}],"version-history":[{"count":13,"href":"http:\/\/www.hrrio.cl\/web2\/wp-json\/wp\/v2\/pages\/4629\/revisions"}],"predecessor-version":[{"id":21744,"href":"http:\/\/www.hrrio.cl\/web2\/wp-json\/wp\/v2\/pages\/4629\/revisions\/21744"}],"wp:attachment":[{"href":"http:\/\/www.hrrio.cl\/web2\/wp-json\/wp\/v2\/media?parent=4629"}],"curies":[{"name":"wp","href":"https:\/\/api.w.org\/{rel}","templated":true}]}}