{"id":4237,"date":"2015-08-10T15:03:36","date_gmt":"2015-08-10T18:03:36","guid":{"rendered":"http:\/\/www.hrrio.cl\/web2\/?page_id=4237"},"modified":"2025-08-05T10:06:46","modified_gmt":"2025-08-05T13:06:46","slug":"4237-2","status":"publish","type":"page","link":"http:\/\/www.hrrio.cl\/web2\/asi-nos-organizamos\/direccion\/4237-2\/","title":{"rendered":"Subdirecci\u00f3n de Gesti\u00f3n del Cuidado"},"content":{"rendered":"<p>[et_pb_section fb_built=\u00bb1&#8243; fullwidth=\u00bbon\u00bb custom_padding_last_edited=\u00bbon|desktop\u00bb admin_label=\u00bbsection\u00bb _builder_version=\u00bb3.22&#8243; background_color=\u00bb#ffffff\u00bb background_image=\u00bbhttp:\/\/www.hrrio.cl\/web2\/wp-content\/uploads\/2015\/07\/fondo-azul.jpg\u00bb parallax=\u00bbon\u00bb parallax_method=\u00bboff\u00bb custom_padding_tablet=\u00bb50px|0|50px|0&#8243; custom_padding_phone=\u00bb\u00bb transparent_background=\u00bboff\u00bb padding_mobile=\u00bboff\u00bb][et_pb_fullwidth_header title=\u00bbSubdirecci\u00f3n Gesti\u00f3n del Cuidado\u00bb admin_label=\u00bbFullwidth Header (Nombre de la Unidad)\u00bb _builder_version=\u00bb3.16&#8243; background_color=\u00bbrgba(255, 255, 255, 0)\u00bb button_one_letter_spacing_hover=\u00bb0&#8243; button_two_letter_spacing_hover=\u00bb0&#8243; button_one_text_size__hover_enabled=\u00bboff\u00bb button_one_text_size__hover=\u00bbnull\u00bb button_two_text_size__hover_enabled=\u00bboff\u00bb button_two_text_size__hover=\u00bbnull\u00bb button_one_text_color__hover_enabled=\u00bboff\u00bb button_one_text_color__hover=\u00bbnull\u00bb button_two_text_color__hover_enabled=\u00bboff\u00bb button_two_text_color__hover=\u00bbnull\u00bb button_one_border_width__hover_enabled=\u00bboff\u00bb button_one_border_width__hover=\u00bbnull\u00bb button_two_border_width__hover_enabled=\u00bboff\u00bb button_two_border_width__hover=\u00bbnull\u00bb button_one_border_color__hover_enabled=\u00bboff\u00bb button_one_border_color__hover=\u00bbnull\u00bb button_two_border_color__hover_enabled=\u00bboff\u00bb button_two_border_color__hover=\u00bbnull\u00bb button_one_border_radius__hover_enabled=\u00bboff\u00bb button_one_border_radius__hover=\u00bbnull\u00bb button_two_border_radius__hover_enabled=\u00bboff\u00bb button_two_border_radius__hover=\u00bbnull\u00bb button_one_letter_spacing__hover_enabled=\u00bbon\u00bb button_one_letter_spacing__hover=\u00bb0&#8243; button_two_letter_spacing__hover_enabled=\u00bbon\u00bb button_two_letter_spacing__hover=\u00bb0&#8243; button_one_bg_color__hover_enabled=\u00bboff\u00bb button_one_bg_color__hover=\u00bbnull\u00bb button_two_bg_color__hover_enabled=\u00bboff\u00bb button_two_bg_color__hover=\u00bbnull\u00bb][\/et_pb_fullwidth_header][\/et_pb_section][et_pb_section fb_built=\u00bb1&#8243; admin_label=\u00bbsection\u00bb _builder_version=\u00bb3.22&#8243;][et_pb_row column_structure=\u00bb2_3,1_3&#8243; admin_label=\u00bbrow\u00bb _builder_version=\u00bb3.25&#8243; background_size=\u00bbinitial\u00bb background_position=\u00bbtop_left\u00bb background_repeat=\u00bbrepeat\u00bb][et_pb_column type=\u00bb2_3&#8243; _builder_version=\u00bb3.25&#8243; custom_padding=\u00bb|||\u00bb custom_padding__hover=\u00bb|||\u00bb][et_pb_text admin_label=\u00bbSubtitulo (Objetivos)\u00bb _builder_version=\u00bb3.27.4&#8243; background_image=\u00bbhttp:\/\/www.hrrio.cl\/web2\/wp-content\/uploads\/2015\/07\/fondo-naranjo.jpg\u00bb background_size=\u00bbinitial\u00bb background_position=\u00bbtop_left\u00bb background_repeat=\u00bbrepeat\u00bb background_layout=\u00bbdark\u00bb custom_padding=\u00bb20|20|20|20&#8243; use_border_color=\u00bboff\u00bb saved_tabs=\u00bball\u00bb]<\/p>\n<h2>OBJETIVOS<\/h2>\n<p>[\/et_pb_text][et_pb_text _builder_version=\u00bb4.7.4&#8243; background_size=\u00bbinitial\u00bb background_position=\u00bbtop_left\u00bb background_repeat=\u00bbrepeat\u00bb custom_margin=\u00bb|||20&#8243; use_border_color=\u00bboff\u00bb]<\/p>\n<ul>\n<li>Desarrollar competencias organizacionales para dar soporte integral a los usuarios desde el punto de vista de sus cuidados.<\/li>\n<li>Colaborar en la integraci\u00f3n de las distintas disciplinas y profesiones para la entrega de cuidados eficientes, eficaces y de calidad.<\/li>\n<li>Favorecer el desarrollo del conocimiento de las profesiones que guardan relaci\u00f3n con el cuidado de los usuarios del Establecimiento.<\/li>\n<li>Propender al mejoramiento continuo, en sus distintas fases: diagn\u00f3stico, planificaci\u00f3n, ejecuci\u00f3n y evaluaci\u00f3n de los procesos asistenciales que participan del cuidado de los usuarios.<\/li>\n<li>Gestionar y liderar el recurso humano entregado a su supervisi\u00f3n a fin de entregar una atenci\u00f3n eficiente,\u00a0de calidad y humanizada a nuestros usuarios.<\/li>\n<\/ul>\n<p>[\/et_pb_text][et_pb_text admin_label=\u00bbSubtitulo (Funciones)\u00bb _builder_version=\u00bb3.27.4&#8243; background_image=\u00bbhttp:\/\/www.hrrio.cl\/web2\/wp-content\/uploads\/2015\/07\/fondo-naranjo.jpg\u00bb background_size=\u00bbinitial\u00bb background_position=\u00bbtop_left\u00bb background_repeat=\u00bbrepeat\u00bb background_layout=\u00bbdark\u00bb custom_padding=\u00bb20|20|20|20&#8243; use_border_color=\u00bboff\u00bb saved_tabs=\u00bball\u00bb]<\/p>\n<h2>FUNCIONES<\/h2>\n<p>[\/et_pb_text][et_pb_text _builder_version=\u00bb4.7.4&#8243; background_size=\u00bbinitial\u00bb background_position=\u00bbtop_left\u00bb background_repeat=\u00bbrepeat\u00bb custom_margin=\u00bb|||20&#8243; use_border_color=\u00bboff\u00bb]<\/p>\n<p><em>\u00a0<\/em><\/p>\n<ul>\n<li>Participar en el Equipo Directivo del Establecimiento.<\/li>\n<li>Definir las pol\u00edticas de gesti\u00f3n del cuidado del Hospital en la l\u00f3gica de una organizaci\u00f3n estructurada en torno a Centros de Responsabilidad y de Centros Costo.<\/li>\n<li>Designar a trav\u00e9s de concurso y evaluar con la colaboraci\u00f3n de los jefes de los respectivos Centros de Responsabilidad el desempe\u00f1o de las Enfermeras Supervisoras.<\/li>\n<li>Apoyar y coordinar la gesti\u00f3n, con la asesor\u00eda de la Subdirecci\u00f3n de Recursos Humanos, del personal profesional, t\u00e9cnico y auxiliar relacionado con los cuidados en el \u00e1mbito de los centros de Responsabilidad.<\/li>\n<li>Establecer necesidades de cuidado por categor\u00eda de pacientes.<\/li>\n<li>Establecer cargas de trabajo del personal y proponer mejoras al respecto<\/li>\n<li>Establecer normas, protocolos relacionados con los distintos aspectos de los cuidados.<\/li>\n<li>Contribuir a la mayor ambulatorizaci\u00f3n de la actividad asistencial.<\/li>\n<li>Supervisar que el recurso humano profesional, t\u00e9cnico y auxiliar gestione el cuidado de los pacientes con pleno respeto a lo establecido en la normativa vigente y en especial a lo dispuesto en la Ley 20.584 sobre Derechos y Deberes de las Personas en relaci\u00f3n con la Atenci\u00f3n de Salud.<\/li>\n<li>Participar en conjunto con el equipo directivo en el desarrollo de los compromisos de gesti\u00f3n de cada centro de responsabilidad (metas asistenciales de gesti\u00f3n y financieras)<\/li>\n<\/ul>\n<p>[\/et_pb_text][\/et_pb_column][et_pb_column type=\u00bb1_3&#8243; _builder_version=\u00bb3.25&#8243; custom_padding=\u00bb|||\u00bb custom_padding__hover=\u00bb|||\u00bb][et_pb_team_member name=\u00bbPaola Guajardo Zamorano\u00bb position=\u00bbEnfermera\u00bb admin_label=\u00bbJefe de Unidad\u00bb _builder_version=\u00bb4.9.7&#8243; background_image=\u00bbhttp:\/\/www.hrrio.cl\/web2\/wp-content\/uploads\/2015\/07\/fondo-azul.jpg\u00bb background_size=\u00bbinitial\u00bb background_position=\u00bbtop_left\u00bb background_repeat=\u00bbrepeat\u00bb background_layout=\u00bbdark\u00bb custom_padding=\u00bb20|20|20|20&#8243; use_border_color=\u00bboff\u00bb border_color=\u00bb#ffffff\u00bb border_style=\u00bbsolid\u00bb]<\/p>\n<p>Subdirectora Gesti\u00f3n del Cuidado<\/p>\n<p>[\/et_pb_team_member][\/et_pb_column][\/et_pb_row][\/et_pb_section][et_pb_section fb_built=\u00bb1&#8243; custom_padding_last_edited=\u00bbon|desktop\u00bb admin_label=\u00bbsection\u00bb _builder_version=\u00bb3.22&#8243; background_image=\u00bbhttp:\/\/www.hrrio.cl\/web2\/wp-content\/uploads\/2015\/07\/cuadrado-celeste.jpg\u00bb custom_padding_tablet=\u00bb50px|0|50px|0&#8243; custom_padding_phone=\u00bb\u00bb transparent_background=\u00bboff\u00bb padding_mobile=\u00bboff\u00bb][et_pb_row column_structure=\u00bb1_3,1_3,1_3&#8243; admin_label=\u00bbrow\u00bb _builder_version=\u00bb3.25&#8243; background_size=\u00bbinitial\u00bb background_position=\u00bbtop_left\u00bb background_repeat=\u00bbrepeat\u00bb][et_pb_column type=\u00bb1_3&#8243; _builder_version=\u00bb3.25&#8243; custom_padding=\u00bb|||\u00bb custom_padding__hover=\u00bb|||\u00bb][et_pb_blurb title=\u00bbHorarios de atenci\u00f3n\u00bb use_icon=\u00bbon\u00bb font_icon=\u00bb%%92%%\u00bb icon_color=\u00bb#ffffff\u00bb use_circle=\u00bbon\u00bb circle_color=\u00bb#d78c33&#8243; icon_placement=\u00bbleft\u00bb use_icon_font_size=\u00bbon\u00bb icon_font_size=\u00bb30&#8243; admin_label=\u00bbAnuncio (Horarios)\u00bb _builder_version=\u00bb3.0.87&#8243; background_size=\u00bbinitial\u00bb background_position=\u00bbtop_left\u00bb background_repeat=\u00bbrepeat\u00bb text_orientation=\u00bbjustified\u00bb background_layout=\u00bbdark\u00bb animation=\u00bboff\u00bb use_border_color=\u00bboff\u00bb border_color=\u00bb#ffffff\u00bb border_style=\u00bbsolid\u00bb]<\/p>\n<p><strong>Lunes a Jueves: <\/strong>08:00 a 17:00 hrs.<br \/><strong>Viernes: <\/strong>08:00 a 16:00 hrs.<\/p>\n<p>[\/et_pb_blurb][\/et_pb_column][et_pb_column type=\u00bb1_3&#8243; _builder_version=\u00bb3.25&#8243; custom_padding=\u00bb|||\u00bb custom_padding__hover=\u00bb|||\u00bb][\/et_pb_column][et_pb_column type=\u00bb1_3&#8243; _builder_version=\u00bb3.25&#8243; custom_padding=\u00bb|||\u00bb custom_padding__hover=\u00bb|||\u00bb][\/et_pb_column][\/et_pb_row][\/et_pb_section]<\/p>\n","protected":false},"excerpt":{"rendered":"<p>[et_pb_section fb_built=\u00bb1&#8243; fullwidth=\u00bbon\u00bb custom_padding_last_edited=\u00bbon|desktop\u00bb admin_label=\u00bbsection\u00bb _builder_version=\u00bb3.22&#8243; background_color=\u00bb#ffffff\u00bb background_image=\u00bbhttp:\/\/www.hrrio.cl\/web2\/wp-content\/uploads\/2015\/07\/fondo-azul.jpg\u00bb parallax=\u00bbon\u00bb parallax_method=\u00bboff\u00bb custom_padding_tablet=\u00bb50px|0|50px|0&#8243; custom_padding_phone=\u00bb\u00bb transparent_background=\u00bboff\u00bb padding_mobile=\u00bboff\u00bb][et_pb_fullwidth_header title=\u00bbSubdirecci\u00f3n Gesti\u00f3n del Cuidado\u00bb admin_label=\u00bbFullwidth Header (Nombre de la Unidad)\u00bb _builder_version=\u00bb3.16&#8243; background_color=\u00bbrgba(255, 255, 255, 0)\u00bb button_one_letter_spacing_hover=\u00bb0&#8243; button_two_letter_spacing_hover=\u00bb0&#8243; button_one_text_size__hover_enabled=\u00bboff\u00bb button_one_text_size__hover=\u00bbnull\u00bb button_two_text_size__hover_enabled=\u00bboff\u00bb button_two_text_size__hover=\u00bbnull\u00bb button_one_text_color__hover_enabled=\u00bboff\u00bb button_one_text_color__hover=\u00bbnull\u00bb button_two_text_color__hover_enabled=\u00bboff\u00bb button_two_text_color__hover=\u00bbnull\u00bb button_one_border_width__hover_enabled=\u00bboff\u00bb button_one_border_width__hover=\u00bbnull\u00bb button_two_border_width__hover_enabled=\u00bboff\u00bb button_two_border_width__hover=\u00bbnull\u00bb button_one_border_color__hover_enabled=\u00bboff\u00bb button_one_border_color__hover=\u00bbnull\u00bb button_two_border_color__hover_enabled=\u00bboff\u00bb button_two_border_color__hover=\u00bbnull\u00bb button_one_border_radius__hover_enabled=\u00bboff\u00bb button_one_border_radius__hover=\u00bbnull\u00bb button_two_border_radius__hover_enabled=\u00bboff\u00bb button_two_border_radius__hover=\u00bbnull\u00bb button_one_letter_spacing__hover_enabled=\u00bbon\u00bb button_one_letter_spacing__hover=\u00bb0&#8243; button_two_letter_spacing__hover_enabled=\u00bbon\u00bb button_two_letter_spacing__hover=\u00bb0&#8243; [&hellip;]<\/p>\n","protected":false},"author":6,"featured_media":0,"parent":757,"menu_order":0,"comment_status":"closed","ping_status":"open","template":"","meta":{"_et_pb_use_builder":"on","_et_pb_old_content":"","_et_gb_content_width":""},"_links":{"self":[{"href":"http:\/\/www.hrrio.cl\/web2\/wp-json\/wp\/v2\/pages\/4237"}],"collection":[{"href":"http:\/\/www.hrrio.cl\/web2\/wp-json\/wp\/v2\/pages"}],"about":[{"href":"http:\/\/www.hrrio.cl\/web2\/wp-json\/wp\/v2\/types\/page"}],"author":[{"embeddable":true,"href":"http:\/\/www.hrrio.cl\/web2\/wp-json\/wp\/v2\/users\/6"}],"replies":[{"embeddable":true,"href":"http:\/\/www.hrrio.cl\/web2\/wp-json\/wp\/v2\/comments?post=4237"}],"version-history":[{"count":5,"href":"http:\/\/www.hrrio.cl\/web2\/wp-json\/wp\/v2\/pages\/4237\/revisions"}],"predecessor-version":[{"id":20932,"href":"http:\/\/www.hrrio.cl\/web2\/wp-json\/wp\/v2\/pages\/4237\/revisions\/20932"}],"up":[{"embeddable":true,"href":"http:\/\/www.hrrio.cl\/web2\/wp-json\/wp\/v2\/pages\/757"}],"wp:attachment":[{"href":"http:\/\/www.hrrio.cl\/web2\/wp-json\/wp\/v2\/media?parent=4237"}],"curies":[{"name":"wp","href":"https:\/\/api.w.org\/{rel}","templated":true}]}}

Subdirección de Gestión del Cuidado

<p>[et_pb_section fb_built=»1&#8243; fullwidth=»on» custom_padding_last_edited=»on|desktop» admin_label=»section» _builder_version=»3.22&#8243; background_color=»#ffffff» background_image=»http://www.hrrio.cl/web2/wp-content/uploads/2015/07/fondo-azul.jpg» parallax=»on» parallax_method=»off» custom_padding_tablet=»50px|0|50px|0&#8243; custom_padding_phone=»» transparent_background=»off» padding_mobile=»off»][et_pb_fullwidth_header title=»Subdirección Gestión del Cuidado» admin_label=»Fullwidth Header (Nombre de la Unidad)» _builder_version=»3.16&#8243; background_color=»rgba(255, 255, 255, 0)» button_one_letter_spacing_hover=»0&#8243; button_two_letter_spacing_hover=»0&#8243; button_one_text_size__hover_enabled=»off» button_one_text_size__hover=»null» button_two_text_size__hover_enabled=»off» button_two_text_size__hover=»null» button_one_text_color__hover_enabled=»off» button_one_text_color__hover=»null» button_two_text_color__hover_enabled=»off» button_two_text_color__hover=»null» button_one_border_width__hover_enabled=»off» button_one_border_width__hover=»null» button_two_border_width__hover_enabled=»off» button_two_border_width__hover=»null» button_one_border_color__hover_enabled=»off» button_one_border_color__hover=»null» button_two_border_color__hover_enabled=»off» button_two_border_color__hover=»null» button_one_border_radius__hover_enabled=»off» button_one_border_radius__hover=»null» button_two_border_radius__hover_enabled=»off» button_two_border_radius__hover=»null» button_one_letter_spacing__hover_enabled=»on» button_one_letter_spacing__hover=»0&#8243; button_two_letter_spacing__hover_enabled=»on» button_two_letter_spacing__hover=»0&#8243; button_one_bg_color__hover_enabled=»off» button_one_bg_color__hover=»null» button_two_bg_color__hover_enabled=»off» button_two_bg_color__hover=»null»][/et_pb_fullwidth_header][/et_pb_section][et_pb_section fb_built=»1&#8243; admin_label=»section» _builder_version=»3.22&#8243;][et_pb_row column_structure=»2_3,1_3&#8243; admin_label=»row» _builder_version=»3.25&#8243; background_size=»initial» background_position=»top_left» background_repeat=»repeat»][et_pb_column type=»2_3&#8243; _builder_version=»3.25&#8243; custom_padding=»|||» custom_padding__hover=»|||»][et_pb_text admin_label=»Subtitulo (Objetivos)» _builder_version=»3.27.4&#8243; background_image=»http://www.hrrio.cl/web2/wp-content/uploads/2015/07/fondo-naranjo.jpg» background_size=»initial» background_position=»top_left» background_repeat=»repeat» background_layout=»dark» custom_padding=»20|20|20|20&#8243; use_border_color=»off» saved_tabs=»all»]</p>
<h2>OBJETIVOS</h2>
<p>[/et_pb_text][et_pb_text _builder_version=»4.7.4&#8243; background_size=»initial» background_position=»top_left» background_repeat=»repeat» custom_margin=»|||20&#8243; use_border_color=»off»]</p>
<ul>
<li>Desarrollar competencias organizacionales para dar soporte integral a los usuarios desde el punto de vista de sus cuidados.</li>
<li>Colaborar en la integración de las distintas disciplinas y profesiones para la entrega de cuidados eficientes, eficaces y de calidad.</li>
<li>Favorecer el desarrollo del conocimiento de las profesiones que guardan relación con el cuidado de los usuarios del Establecimiento.</li>
<li>Propender al mejoramiento continuo, en sus distintas fases: diagnóstico, planificación, ejecución y evaluación de los procesos asistenciales que participan del cuidado de los usuarios.</li>
<li>Gestionar y liderar el recurso humano entregado a su supervisión a fin de entregar una atención eficiente, de calidad y humanizada a nuestros usuarios.</li>
</ul>
<p>[/et_pb_text][et_pb_text admin_label=»Subtitulo (Funciones)» _builder_version=»3.27.4&#8243; background_image=»http://www.hrrio.cl/web2/wp-content/uploads/2015/07/fondo-naranjo.jpg» background_size=»initial» background_position=»top_left» background_repeat=»repeat» background_layout=»dark» custom_padding=»20|20|20|20&#8243; use_border_color=»off» saved_tabs=»all»]</p>
<h2>FUNCIONES</h2>
<p>[/et_pb_text][et_pb_text _builder_version=»4.7.4&#8243; background_size=»initial» background_position=»top_left» background_repeat=»repeat» custom_margin=»|||20&#8243; use_border_color=»off»]</p>
<p><em> </em></p>
<ul>
<li>Participar en el Equipo Directivo del Establecimiento.</li>
<li>Definir las políticas de gestión del cuidado del Hospital en la lógica de una organización estructurada en torno a Centros de Responsabilidad y de Centros Costo.</li>
<li>Designar a través de concurso y evaluar con la colaboración de los jefes de los respectivos Centros de Responsabilidad el desempeño de las Enfermeras Supervisoras.</li>
<li>Apoyar y coordinar la gestión, con la asesoría de la Subdirección de Recursos Humanos, del personal profesional, técnico y auxiliar relacionado con los cuidados en el ámbito de los centros de Responsabilidad.</li>
<li>Establecer necesidades de cuidado por categoría de pacientes.</li>
<li>Establecer cargas de trabajo del personal y proponer mejoras al respecto</li>
<li>Establecer normas, protocolos relacionados con los distintos aspectos de los cuidados.</li>
<li>Contribuir a la mayor ambulatorización de la actividad asistencial.</li>
<li>Supervisar que el recurso humano profesional, técnico y auxiliar gestione el cuidado de los pacientes con pleno respeto a lo establecido en la normativa vigente y en especial a lo dispuesto en la Ley 20.584 sobre Derechos y Deberes de las Personas en relación con la Atención de Salud.</li>
<li>Participar en conjunto con el equipo directivo en el desarrollo de los compromisos de gestión de cada centro de responsabilidad (metas asistenciales de gestión y financieras)</li>
</ul>
<p>[/et_pb_text][/et_pb_column][et_pb_column type=»1_3&#8243; _builder_version=»3.25&#8243; custom_padding=»|||» custom_padding__hover=»|||»][et_pb_team_member name=»Paola Guajardo Zamorano» position=»Enfermera» admin_label=»Jefe de Unidad» _builder_version=»4.9.7&#8243; background_image=»http://www.hrrio.cl/web2/wp-content/uploads/2015/07/fondo-azul.jpg» background_size=»initial» background_position=»top_left» background_repeat=»repeat» background_layout=»dark» custom_padding=»20|20|20|20&#8243; use_border_color=»off» border_color=»#ffffff» border_style=»solid»]</p>
<p>Subdirectora Gestión del Cuidado</p>
<p>[/et_pb_team_member][/et_pb_column][/et_pb_row][/et_pb_section][et_pb_section fb_built=»1&#8243; custom_padding_last_edited=»on|desktop» admin_label=»section» _builder_version=»3.22&#8243; background_image=»http://www.hrrio.cl/web2/wp-content/uploads/2015/07/cuadrado-celeste.jpg» custom_padding_tablet=»50px|0|50px|0&#8243; custom_padding_phone=»» transparent_background=»off» padding_mobile=»off»][et_pb_row column_structure=»1_3,1_3,1_3&#8243; admin_label=»row» _builder_version=»3.25&#8243; background_size=»initial» background_position=»top_left» background_repeat=»repeat»][et_pb_column type=»1_3&#8243; _builder_version=»3.25&#8243; custom_padding=»|||» custom_padding__hover=»|||»][et_pb_blurb title=»Horarios de atención» use_icon=»on» font_icon=»%%92%%» icon_color=»#ffffff» use_circle=»on» circle_color=»#d78c33&#8243; icon_placement=»left» use_icon_font_size=»on» icon_font_size=»30&#8243; admin_label=»Anuncio (Horarios)» _builder_version=»3.0.87&#8243; background_size=»initial» background_position=»top_left» background_repeat=»repeat» text_orientation=»justified» background_layout=»dark» animation=»off» use_border_color=»off» border_color=»#ffffff» border_style=»solid»]</p>
<p><strong>Lunes a Jueves: </strong>08:00 a 17:00 hrs.<br /><strong>Viernes: </strong>08:00 a 16:00 hrs.</p>
<p>[/et_pb_blurb][/et_pb_column][et_pb_column type=»1_3&#8243; _builder_version=»3.25&#8243; custom_padding=»|||» custom_padding__hover=»|||»][/et_pb_column][et_pb_column type=»1_3&#8243; _builder_version=»3.25&#8243; custom_padding=»|||» custom_padding__hover=»|||»][/et_pb_column][/et_pb_row][/et_pb_section]</p>

<p>[et_pb_section fb_built=»1&#8243; fullwidth=»on» custom_padding_last_edited=»on|desktop» admin_label=»section» _builder_version=»3.22&#8243; background_color=»#ffffff» background_image=»http://www.hrrio.cl/web2/wp-content/uploads/2015/07/fondo-azul.jpg» parallax=»on» parallax_method=»off» custom_padding_tablet=»50px|0|50px|0&#8243; custom_padding_phone=»» transparent_background=»off» padding_mobile=»off»][et_pb_fullwidth_header title=»Subdirección Gestión del Cuidado» admin_label=»Fullwidth Header (Nombre de la Unidad)» _builder_version=»3.16&#8243; background_color=»rgba(255, 255, 255, 0)» button_one_letter_spacing_hover=»0&#8243; button_two_letter_spacing_hover=»0&#8243; button_one_text_size__hover_enabled=»off» button_one_text_size__hover=»null» button_two_text_size__hover_enabled=»off» button_two_text_size__hover=»null» button_one_text_color__hover_enabled=»off» button_one_text_color__hover=»null» button_two_text_color__hover_enabled=»off» button_two_text_color__hover=»null» button_one_border_width__hover_enabled=»off» button_one_border_width__hover=»null» button_two_border_width__hover_enabled=»off» button_two_border_width__hover=»null» button_one_border_color__hover_enabled=»off» button_one_border_color__hover=»null» button_two_border_color__hover_enabled=»off» button_two_border_color__hover=»null» button_one_border_radius__hover_enabled=»off» button_one_border_radius__hover=»null» button_two_border_radius__hover_enabled=»off» button_two_border_radius__hover=»null» button_one_letter_spacing__hover_enabled=»on» button_one_letter_spacing__hover=»0&#8243; button_two_letter_spacing__hover_enabled=»on» button_two_letter_spacing__hover=»0&#8243; [&hellip;]</p>
